{"id":924,"date":"2022-04-13T00:30:47","date_gmt":"2022-04-13T00:30:47","guid":{"rendered":"http:\/\/techtronik.store\/?post_type=product&#038;p=924"},"modified":"2023-04-13T21:39:12","modified_gmt":"2023-04-13T21:39:12","slug":"irf9540-mosfet-p","status":"publish","type":"product","link":"https:\/\/techtronik.store\/?product=irf9540-mosfet-p","title":{"rendered":"IRF9540 MOSFET P"},"content":{"rendered":"<div align=\"justify\">\n<p>\u00bfQu\u00e9 es?<br \/>\nEl transistor de efecto de campo metal-\u00f3xido-semiconductor o MOSFET (en ingl\u00e9s Metal-oxide-semiconductor Field-effect transistor) es un transistor utilizado para amplificar o conmutar se\u00f1ales electr\u00f3nicas. Es el transistor m\u00e1s utilizado en la industria microelectr\u00f3nica, ya sea en circuitos anal\u00f3gicos o digitales.<\/p>\n<p>\u00bfPara qu\u00e9 es?<br \/>\nSon la mejor combinaci\u00f3n de cambio r\u00e1pido, resistente, bajo en resistencias y rentabilidad. La baja resistencia t\u00e9rmica y el bajo costo contribuyen a su amplia aceptaci\u00f3n en toda la industria.<br \/>\nHay tres tipos de FE: JFET, MOSFET y MESFET. Los MOSFET se dividen a\u00fan m\u00e1s en tipo empobrecimiento y tipo enriquecimiento. Los t\u00e9rminos empobrecimiento y enriquecimiento definen su modo b\u00e1sico de operaciones.<br \/>\nTodos estos MOSFET de potencia est\u00e1n dise\u00f1ados para diferentes tipos de aplicaciones como reguladores de conmutaci\u00f3n, convertidores, controladores de motor, controladores de rel\u00e9.<\/p>\n<p>\u00bfC\u00f3mo Funciona?<br \/>\nEl transistor mosfet IRF9540 Tipo T, es un mosfet de -100V de canal P de potencia que proporciona al dise\u00f1ador con la mejor combinaci\u00f3n de conmutaci\u00f3n r\u00e1pida, el dise\u00f1o de dispositivos para uso rudo, baja resistencia y costo-efectividad. La resistencia t\u00e9rmica baja contribuye a su amplia aceptaci\u00f3n en la industria. Se pueden operar directamente desde circuitos integrados.<\/p>\n<\/div>\n<hr \/>\n<p><strong>ESPECIFICACIONES T\u00c9CNICAS<\/strong><\/p>\n<ul>\n<li>Disipaci\u00f3n total del dispositivo (Pd): 125 W<\/li>\n<li>Tensi\u00f3n drenaje-fuente (Vds): 500 V<\/li>\n<li>Tensi\u00f3n compuerta-fuente (Vgs): 20 V<\/li>\n<li>Corriente continua de drenaje (Id): 8 A<\/li>\n<li>Temperatura operativa m\u00e1xima (Tj): 150 \u00b0C<\/li>\n<li>Tensi\u00f3n umbral compuerta-fuente Vgs(th): 4 V<\/li>\n<li>Carga de compuerta (Qg): 63 nC<\/li>\n<li>Conductancia de drenaje-sustrato (Cd): 1500 pF<\/li>\n<li>Resistencia drenaje-fuente RDS(on): 0.85 Ohm<\/li>\n<li>Empaquetado \/ Estuche: TO220<\/li>\n<li>3 pines<\/li>\n<li>Peso: 2 g<\/li>\n<\/ul>\n","protected":false},"excerpt":{"rendered":"<p>\u00bfQu\u00e9 es? El transistor de efecto de campo metal-\u00f3xido-semiconductor o MOSFET (en ingl\u00e9s Metal-oxide-semiconductor Field-effect transistor) es un transistor utilizado para amplificar o conmutar se\u00f1ales electr\u00f3nicas. Es el transistor m\u00e1s utilizado en la industria microelectr\u00f3nica, ya sea en circuitos anal\u00f3gicos o digitales. \u00bfPara qu\u00e9 es? Son la mejor combinaci\u00f3n de&hellip; <\/p>\n","protected":false},"featured_media":153,"comment_status":"open","ping_status":"closed","template":"","meta":{"om_disable_all_campaigns":false,"_monsterinsights_skip_tracking":false,"_monsterinsights_sitenote_active":false,"_monsterinsights_sitenote_note":"","_monsterinsights_sitenote_category":0},"product_cat":[46,52],"product_tag":[],"class_list":{"0":"post-924","1":"product","2":"type-product","3":"status-publish","4":"has-post-thumbnail","6":"product_cat-semiconductores","7":"product_cat-transistores-mosfet","9":"first","10":"instock","11":"taxable","12":"shipping-taxable","13":"purchasable","14":"product-type-simple"},"aioseo_notices":[],"_links":{"self":[{"href":"https:\/\/techtronik.store\/index.php?rest_route=\/wp\/v3\/product\/924","targetHints":{"allow":["GET"]}}],"collection":[{"href":"https:\/\/techtronik.store\/index.php?rest_route=\/wp\/v3\/product"}],"about":[{"href":"https:\/\/techtronik.store\/index.php?rest_route=\/wp\/v2\/types\/product"}],"replies":[{"embeddable":true,"href":"https:\/\/techtronik.store\/index.php?rest_route=%2Fwp%2Fv2%2Fcomments&post=924"}],"wp:featuredmedia":[{"embeddable":true,"href":"https:\/\/techtronik.store\/index.php?rest_route=\/wp\/v2\/media\/153"}],"wp:attachment":[{"href":"https:\/\/techtronik.store\/index.php?rest_route=%2Fwp%2Fv2%2Fmedia&parent=924"}],"wp:term":[{"taxonomy":"product_cat","embeddable":true,"href":"https:\/\/techtronik.store\/index.php?rest_route=%2Fwp%2Fv2%2Fproduct_cat&post=924"},{"taxonomy":"product_tag","embeddable":true,"href":"https:\/\/techtronik.store\/index.php?rest_route=%2Fwp%2Fv2%2Fproduct_tag&post=924"}],"curies":[{"name":"wp","href":"https:\/\/api.w.org\/{rel}","templated":true}]}}