{"id":921,"date":"2022-04-13T00:21:52","date_gmt":"2022-04-13T00:21:52","guid":{"rendered":"http:\/\/techtronik.store\/?post_type=product&#038;p=921"},"modified":"2022-12-02T22:51:32","modified_gmt":"2022-12-02T22:51:32","slug":"irf640-mosfet-n","status":"publish","type":"product","link":"https:\/\/techtronik.store\/?product=irf640-mosfet-n","title":{"rendered":"IRF640 MOSFET N"},"content":{"rendered":"<div align=\"justify\">\n<div align=\"justify\">\n<div align=\"justify\">\n<div align=\"justify\">\n<p>El transistor de efecto de campo metal-\u00f3xido-semiconductor o MOSFET (en ingl\u00e9s Metal-oxide-semiconductor Field-effect transistor) es un transistor utilizado para amplificar o conmutar se\u00f1ales electr\u00f3nicas. Es el transistor m\u00e1s utilizado en la industria microelectr\u00f3nica, ya sea en circuitos anal\u00f3gicos o digitales.<\/p>\n<p>Se pueden operar directamente desde circuitos integrados. Todos estos MOSFET de potencia est\u00e1n dise\u00f1ados para diferentes tipos de aplicaciones como reguladores de conmutaci\u00f3n, convertidores, controladores de motor, controladores de rel\u00e9.<\/p>\n<p>Los transistores Mosfet son la mejor combinaci\u00f3n de cambio r\u00e1pido, resistente, bajo en resistencias y rentabilidad. La baja resistencia t\u00e9rmica y el bajo costo contribuyen a su amplia aceptaci\u00f3n en toda la industria<\/p>\n<\/div>\n<hr \/>\n<p><strong>Especificaciones y\u00a0<\/strong><b>Caracter\u00edsticas<\/b><\/p>\n<ul>\n<li>Disipaci\u00f3n total del dispositivo (Pd): 125 W<\/li>\n<li>Tensi\u00f3n drenaje-fuente (Vds): 200 V<\/li>\n<li>Tensi\u00f3n compuerta-fuente (Vgs): 20 V<\/li>\n<li>Corriente continua de drenaje (Id): 18 A<\/li>\n<li>Temperatura operativa m\u00e1xima (Tj): 150 \u00b0C<\/li>\n<li>Tensi\u00f3n umbral compuerta-fuente Vgs(th): 4 V<\/li>\n<li>Carga de compuerta (Qg): 50 nC<\/li>\n<li>Conductancia de drenaje-sustrato (Cd): 2100 pF<\/li>\n<li>Resistencia drenaje-fuente RDS(on): 0.18 Ohm<\/li>\n<li>Encapsulado: TO-220<\/li>\n<li>3 pines<\/li>\n<\/ul>\n<\/div>\n<p>&nbsp;<\/p>\n<\/div>\n<\/div>\n","protected":false},"excerpt":{"rendered":"<p>El transistor de efecto de campo metal-\u00f3xido-semiconductor o MOSFET (en ingl\u00e9s Metal-oxide-semiconductor Field-effect transistor) es un transistor utilizado para amplificar o conmutar se\u00f1ales electr\u00f3nicas. Es el transistor m\u00e1s utilizado en la industria microelectr\u00f3nica, ya sea en circuitos anal\u00f3gicos o digitales. Se pueden operar directamente desde circuitos integrados. Todos estos MOSFET&hellip; <\/p>\n","protected":false},"featured_media":143,"comment_status":"open","ping_status":"closed","template":"","meta":{"om_disable_all_campaigns":false,"_monsterinsights_skip_tracking":false,"_monsterinsights_sitenote_active":false,"_monsterinsights_sitenote_note":"","_monsterinsights_sitenote_category":0},"product_cat":[46,52],"product_tag":[],"class_list":{"0":"post-921","1":"product","2":"type-product","3":"status-publish","4":"has-post-thumbnail","6":"product_cat-semiconductores","7":"product_cat-transistores-mosfet","9":"first","10":"instock","11":"taxable","12":"shipping-taxable","13":"purchasable","14":"product-type-simple"},"aioseo_notices":[],"_links":{"self":[{"href":"https:\/\/techtronik.store\/index.php?rest_route=\/wp\/v3\/product\/921","targetHints":{"allow":["GET"]}}],"collection":[{"href":"https:\/\/techtronik.store\/index.php?rest_route=\/wp\/v3\/product"}],"about":[{"href":"https:\/\/techtronik.store\/index.php?rest_route=\/wp\/v2\/types\/product"}],"replies":[{"embeddable":true,"href":"https:\/\/techtronik.store\/index.php?rest_route=%2Fwp%2Fv2%2Fcomments&post=921"}],"wp:featuredmedia":[{"embeddable":true,"href":"https:\/\/techtronik.store\/index.php?rest_route=\/wp\/v2\/media\/143"}],"wp:attachment":[{"href":"https:\/\/techtronik.store\/index.php?rest_route=%2Fwp%2Fv2%2Fmedia&parent=921"}],"wp:term":[{"taxonomy":"product_cat","embeddable":true,"href":"https:\/\/techtronik.store\/index.php?rest_route=%2Fwp%2Fv2%2Fproduct_cat&post=921"},{"taxonomy":"product_tag","embeddable":true,"href":"https:\/\/techtronik.store\/index.php?rest_route=%2Fwp%2Fv2%2Fproduct_tag&post=921"}],"curies":[{"name":"wp","href":"https:\/\/api.w.org\/{rel}","templated":true}]}}