{"id":901,"date":"2022-04-12T22:23:25","date_gmt":"2022-04-12T22:23:25","guid":{"rendered":"http:\/\/techtronik.store\/?post_type=product&#038;p=901"},"modified":"2022-11-04T14:11:44","modified_gmt":"2022-11-04T14:11:44","slug":"74ls04-compuerta-not","status":"publish","type":"product","link":"https:\/\/techtronik.store\/?product=74ls04-compuerta-not","title":{"rendered":"74LS04 Compuerta NOT"},"content":{"rendered":"<div align=\"justify\">\n<div align=\"justify\">\n<div align=\"justify\">\n<p>74LS04 Compuerta NOT cuenta con 6 inversores independientes con tecnolog\u00eda TTL. Cada inversor puede ser usado sin la necesidad de conectar los dem\u00e1s. Su salida es el estado inverso a su entrada, la cual no debe ser superior al voltaje de alimentaci\u00f3n del circuito integrado.<\/p>\n<\/div>\n<\/div>\n<\/div>\n","protected":false},"excerpt":{"rendered":"<p>74LS04 Compuerta NOT cuenta con 6 inversores independientes con tecnolog\u00eda TTL. Cada inversor puede ser usado sin la necesidad de conectar los dem\u00e1s. Su salida es el estado inverso a su entrada, la cual no debe ser superior al voltaje de alimentaci\u00f3n del circuito integrado.<\/p>\n","protected":false},"featured_media":82,"comment_status":"open","ping_status":"closed","template":"","meta":{"om_disable_all_campaigns":false,"_monsterinsights_skip_tracking":false,"_monsterinsights_sitenote_active":false,"_monsterinsights_sitenote_note":"","_monsterinsights_sitenote_category":0},"product_cat":[49,46],"product_tag":[],"class_list":{"0":"post-901","1":"product","2":"type-product","3":"status-publish","4":"has-post-thumbnail","6":"product_cat-circuitos-integrados","7":"product_cat-semiconductores","9":"first","10":"instock","11":"taxable","12":"shipping-taxable","13":"purchasable","14":"product-type-simple"},"aioseo_notices":[],"_links":{"self":[{"href":"https:\/\/techtronik.store\/index.php?rest_route=\/wp\/v3\/product\/901","targetHints":{"allow":["GET"]}}],"collection":[{"href":"https:\/\/techtronik.store\/index.php?rest_route=\/wp\/v3\/product"}],"about":[{"href":"https:\/\/techtronik.store\/index.php?rest_route=\/wp\/v2\/types\/product"}],"replies":[{"embeddable":true,"href":"https:\/\/techtronik.store\/index.php?rest_route=%2Fwp%2Fv2%2Fcomments&post=901"}],"wp:featuredmedia":[{"embeddable":true,"href":"https:\/\/techtronik.store\/index.php?rest_route=\/wp\/v2\/media\/82"}],"wp:attachment":[{"href":"https:\/\/techtronik.store\/index.php?rest_route=%2Fwp%2Fv2%2Fmedia&parent=901"}],"wp:term":[{"taxonomy":"product_cat","embeddable":true,"href":"https:\/\/techtronik.store\/index.php?rest_route=%2Fwp%2Fv2%2Fproduct_cat&post=901"},{"taxonomy":"product_tag","embeddable":true,"href":"https:\/\/techtronik.store\/index.php?rest_route=%2Fwp%2Fv2%2Fproduct_tag&post=901"}],"curies":[{"name":"wp","href":"https:\/\/api.w.org\/{rel}","templated":true}]}}