{"id":894,"date":"2022-04-12T22:03:48","date_gmt":"2022-04-12T22:03:48","guid":{"rendered":"http:\/\/techtronik.store\/?post_type=product&#038;p=894"},"modified":"2023-06-29T23:38:17","modified_gmt":"2023-06-29T23:38:17","slug":"lm741-ua741","status":"publish","type":"product","link":"https:\/\/techtronik.store\/?product=lm741-ua741","title":{"rendered":"LM741 UA741"},"content":{"rendered":"<div align=\"justify\">\n<div align=\"justify\">\n<p>El LM741 es un circuito integrado (CI) de 8 pines tambi\u00e9n conocido como op-amp por sus siglas en ingl\u00e9s (operational amplifier), este amplificador es un circuito electr\u00f3nico de prop\u00f3sito general, con rendimiento mejorado por encima de est\u00e1ndares industriales como el LM709. Son repuestos de inserci\u00f3n directa para 709C, LM201, MC1439 y 748 en la mayor\u00eda de aplicaciones. Estos amplificadores cuentan con numerosas funciones que hacen que su aplicaci\u00f3n sea pr\u00e1cticamente infalible protecci\u00f3n contra sobrecarga en entrada y salida, ausencia de enclavamiento cuando se excede el rango de modo com\u00fan y libre de oscilaciones.<\/p>\n<p>El LM741 puede funcionar en distintos arreglos, por lo general es utilizado como comparador y amplificador de se\u00f1ales. pero todo depende de la aplicaci\u00f3n que desees usar para este circuito integrado. Por ejemplo, puedes usarlo como comparador, como inversor o no inversor, sumador, etc. Todo depender\u00e1 de la necesidad de tu proyecto, cabe destacar que este amplificador es muy practico para conectarlo a un protoboard o montarlo en un Socket de 8 pines para utilizarlo en un PCB y suficientemente robusto para ser usado en experimentos electr\u00f3nicos.<\/p>\n<\/div>\n<\/div>\n","protected":false},"excerpt":{"rendered":"<p>El LM741 es un circuito integrado (CI) de 8 pines tambi\u00e9n conocido como op-amp por sus siglas en ingl\u00e9s (operational amplifier), este amplificador es un circuito electr\u00f3nico de prop\u00f3sito general, con rendimiento mejorado por encima de est\u00e1ndares industriales como el LM709. Son repuestos de inserci\u00f3n directa para 709C, LM201, MC1439&hellip; <\/p>\n","protected":false},"featured_media":896,"comment_status":"open","ping_status":"closed","template":"","meta":{"om_disable_all_campaigns":false,"_monsterinsights_skip_tracking":false,"_monsterinsights_sitenote_active":false,"_monsterinsights_sitenote_note":"","_monsterinsights_sitenote_category":0},"product_cat":[49,46],"product_tag":[],"class_list":{"0":"post-894","1":"product","2":"type-product","3":"status-publish","4":"has-post-thumbnail","6":"product_cat-circuitos-integrados","7":"product_cat-semiconductores","9":"first","10":"instock","11":"taxable","12":"shipping-taxable","13":"purchasable","14":"product-type-simple"},"aioseo_notices":[],"_links":{"self":[{"href":"https:\/\/techtronik.store\/index.php?rest_route=\/wp\/v3\/product\/894","targetHints":{"allow":["GET"]}}],"collection":[{"href":"https:\/\/techtronik.store\/index.php?rest_route=\/wp\/v3\/product"}],"about":[{"href":"https:\/\/techtronik.store\/index.php?rest_route=\/wp\/v2\/types\/product"}],"replies":[{"embeddable":true,"href":"https:\/\/techtronik.store\/index.php?rest_route=%2Fwp%2Fv2%2Fcomments&post=894"}],"wp:featuredmedia":[{"embeddable":true,"href":"https:\/\/techtronik.store\/index.php?rest_route=\/wp\/v2\/media\/896"}],"wp:attachment":[{"href":"https:\/\/techtronik.store\/index.php?rest_route=%2Fwp%2Fv2%2Fmedia&parent=894"}],"wp:term":[{"taxonomy":"product_cat","embeddable":true,"href":"https:\/\/techtronik.store\/index.php?rest_route=%2Fwp%2Fv2%2Fproduct_cat&post=894"},{"taxonomy":"product_tag","embeddable":true,"href":"https:\/\/techtronik.store\/index.php?rest_route=%2Fwp%2Fv2%2Fproduct_tag&post=894"}],"curies":[{"name":"wp","href":"https:\/\/api.w.org\/{rel}","templated":true}]}}