{"id":555,"date":"2022-04-12T03:23:55","date_gmt":"2022-04-12T03:23:55","guid":{"rendered":"http:\/\/techtronik.store\/?post_type=product&#038;p=555"},"modified":"2023-07-10T06:16:13","modified_gmt":"2023-07-10T06:16:13","slug":"mg90s-servomotor","status":"publish","type":"product","link":"https:\/\/techtronik.store\/?product=mg90s-servomotor","title":{"rendered":"MG90S Servomotor"},"content":{"rendered":"<p>Es un peque\u00f1o actuador rotativo o bien motor que permite un control preciso en posici\u00f3n angular, este servomotor puede rotar de 0\u00b0 hasta 180\u00b0, su voltaje de operaci\u00f3n que va desde los 4.8 a 6 VDC. Cuenta con engranes de metal y de igual forma incluye 3 brazos\u00a0 de pl\u00e1stico,\u00a0 3 tornillos de sujeci\u00f3n y cable de hasta 25cm.<\/p>\n<p>Este tipo de servomotores son utilizado en gran variedad de proyectos de electr\u00f3nica, rob\u00f3tica, carros de control remoto, pan tilt, aeronaves y m\u00e1s. Es ideal para proyectos de bajo torque y poco peso. Funcionan con la mayor\u00eda de tarjetas electr\u00f3nicas de control con microcontroladores, como por ejemplo las tarjetas de Arduino, Nodemcu, Esp32, Pic\u00b4s y Raspberry Pi y otras. Recomendamos alimentar por separado el microcontrolador y los servos, ya que el ruido el\u00e9ctrico puede dar lugar a errores en la ejecuci\u00f3n del programa.<\/p>\n","protected":false},"excerpt":{"rendered":"<p>Es un peque\u00f1o actuador rotativo o bien motor que permite un control preciso en posici\u00f3n angular, este servomotor puede rotar de 0\u00b0 hasta 180\u00b0, su voltaje de operaci\u00f3n que va desde los 4.8 a 6 VDC. Cuenta con engranes de metal y de igual forma incluye 3 brazos\u00a0 de pl\u00e1stico,\u00a0&hellip; <\/p>\n","protected":false},"featured_media":197,"comment_status":"open","ping_status":"closed","template":"","meta":{"om_disable_all_campaigns":false,"_monsterinsights_skip_tracking":false,"_monsterinsights_sitenote_active":false,"_monsterinsights_sitenote_note":"","_monsterinsights_sitenote_category":0},"product_cat":[38],"product_tag":[],"class_list":{"0":"post-555","1":"product","2":"type-product","3":"status-publish","4":"has-post-thumbnail","6":"product_cat-motores","8":"first","9":"instock","10":"taxable","11":"shipping-taxable","12":"purchasable","13":"product-type-simple"},"aioseo_notices":[],"_links":{"self":[{"href":"https:\/\/techtronik.store\/index.php?rest_route=\/wp\/v3\/product\/555","targetHints":{"allow":["GET"]}}],"collection":[{"href":"https:\/\/techtronik.store\/index.php?rest_route=\/wp\/v3\/product"}],"about":[{"href":"https:\/\/techtronik.store\/index.php?rest_route=\/wp\/v2\/types\/product"}],"replies":[{"embeddable":true,"href":"https:\/\/techtronik.store\/index.php?rest_route=%2Fwp%2Fv2%2Fcomments&post=555"}],"wp:featuredmedia":[{"embeddable":true,"href":"https:\/\/techtronik.store\/index.php?rest_route=\/wp\/v2\/media\/197"}],"wp:attachment":[{"href":"https:\/\/techtronik.store\/index.php?rest_route=%2Fwp%2Fv2%2Fmedia&parent=555"}],"wp:term":[{"taxonomy":"product_cat","embeddable":true,"href":"https:\/\/techtronik.store\/index.php?rest_route=%2Fwp%2Fv2%2Fproduct_cat&post=555"},{"taxonomy":"product_tag","embeddable":true,"href":"https:\/\/techtronik.store\/index.php?rest_route=%2Fwp%2Fv2%2Fproduct_tag&post=555"}],"curies":[{"name":"wp","href":"https:\/\/api.w.org\/{rel}","templated":true}]}}