{"id":535,"date":"2022-04-11T05:12:21","date_gmt":"2022-04-11T05:12:21","guid":{"rendered":"http:\/\/techtronik.store\/?post_type=product&#038;p=535"},"modified":"2023-04-14T16:59:56","modified_gmt":"2023-04-14T16:59:56","slug":"modulo-dht11","status":"publish","type":"product","link":"https:\/\/techtronik.store\/?product=modulo-dht11","title":{"rendered":"Modulo DHT11"},"content":{"rendered":"<div align=\"justify\">\n<div align=\"justify\">\n<div align=\"justify\">\n<div align=\"justify\">\n<p>El m\u00f3dulo DHT11 o KY-015 es un sensor de temperatura y humedad de salida de se\u00f1al digital, tiene un tama\u00f1o ultra compacto, es de bajo consumo de energ\u00eda y tiene gran utilidad cuando se requiere detectar dos magnitudes al mismo tiempo.<\/p>\n<p>El m\u00f3dulo DHT11 es f\u00e1cil utilizar con las tarjetas de Arduino, Raspberry Pi y Nodemcu, a nivel de software se dispone de librer\u00edas para Arduino con soporte para el protocolo \u201cSingle bus\u201d. En cuanto al hardware, solo es necesario conectar el pin VCC de alimentaci\u00f3n a 3 o 5V, el pin GND a Tierra (0V) y el pin de datos a un pin digital.<\/p>\n<\/div>\n<hr \/>\n<h3><strong>ESPECIFICACIONES Y CARACTER\u00cdSTICAS<\/strong><\/h3>\n<ul>\n<li>Voltaje de funcionamiento:\u00a0 3.5 V\u00a0 a\u00a0 5.5 V<\/li>\n<li>Rango de medici\u00f3n de humedad:\u00a0 20% a 90% RH (Error de medici\u00f3n de humedad: +-5%)<\/li>\n<li>Resoluci\u00f3n de medici\u00f3n de humedad:\u00a0 1% RH<\/li>\n<li>Rango de medici\u00f3n de temperatura:\u00a0 0 \u00baC a\u00a0 50 \u00baC<\/li>\n<li>Error de medici\u00f3n de temperatura: +-2 \u00b0<\/li>\n<li>Resoluci\u00f3n de medici\u00f3n de temperatura: 1 \u00baC<\/li>\n<li>Rango de transmisi\u00f3n de se\u00f1al: 20 metros<\/li>\n<li>Dimensiones: 19 mm x 17 mm x\u00a019 mm<\/li>\n<li>Peso: 3 g<\/li>\n<\/ul>\n<\/div>\n<\/div>\n<\/div>\n","protected":false},"excerpt":{"rendered":"<p>El m\u00f3dulo DHT11 o KY-015 es un sensor de temperatura y humedad de salida de se\u00f1al digital, tiene un tama\u00f1o ultra compacto, es de bajo consumo de energ\u00eda y tiene gran utilidad cuando se requiere detectar dos magnitudes al mismo tiempo. El m\u00f3dulo DHT11 es f\u00e1cil utilizar con las tarjetas&hellip; <\/p>\n","protected":false},"featured_media":537,"comment_status":"open","ping_status":"closed","template":"","meta":{"om_disable_all_campaigns":false,"_monsterinsights_skip_tracking":false,"_monsterinsights_sitenote_active":false,"_monsterinsights_sitenote_note":"","_monsterinsights_sitenote_category":0},"product_cat":[37,53,55],"product_tag":[],"class_list":{"0":"post-535","1":"product","2":"type-product","3":"status-publish","4":"has-post-thumbnail","6":"product_cat-modulos","7":"product_cat-sensores","8":"product_cat-temperatura","10":"first","11":"instock","12":"taxable","13":"shipping-taxable","14":"purchasable","15":"product-type-simple"},"aioseo_notices":[],"_links":{"self":[{"href":"https:\/\/techtronik.store\/index.php?rest_route=\/wp\/v3\/product\/535","targetHints":{"allow":["GET"]}}],"collection":[{"href":"https:\/\/techtronik.store\/index.php?rest_route=\/wp\/v3\/product"}],"about":[{"href":"https:\/\/techtronik.store\/index.php?rest_route=\/wp\/v2\/types\/product"}],"replies":[{"embeddable":true,"href":"https:\/\/techtronik.store\/index.php?rest_route=%2Fwp%2Fv2%2Fcomments&post=535"}],"wp:featuredmedia":[{"embeddable":true,"href":"https:\/\/techtronik.store\/index.php?rest_route=\/wp\/v2\/media\/537"}],"wp:attachment":[{"href":"https:\/\/techtronik.store\/index.php?rest_route=%2Fwp%2Fv2%2Fmedia&parent=535"}],"wp:term":[{"taxonomy":"product_cat","embeddable":true,"href":"https:\/\/techtronik.store\/index.php?rest_route=%2Fwp%2Fv2%2Fproduct_cat&post=535"},{"taxonomy":"product_tag","embeddable":true,"href":"https:\/\/techtronik.store\/index.php?rest_route=%2Fwp%2Fv2%2Fproduct_tag&post=535"}],"curies":[{"name":"wp","href":"https:\/\/api.w.org\/{rel}","templated":true}]}}