{"id":519,"date":"2022-04-11T04:13:49","date_gmt":"2022-04-11T04:13:49","guid":{"rendered":"http:\/\/techtronik.store\/?post_type=product&#038;p=519"},"modified":"2022-11-30T01:18:33","modified_gmt":"2022-11-30T01:18:33","slug":"modulo-gps-neo-6m","status":"publish","type":"product","link":"https:\/\/techtronik.store\/?product=modulo-gps-neo-6m","title":{"rendered":"Modulo GPS NEO-6M"},"content":{"rendered":"<div align=\"justify\">\n<div align=\"justify\">\n<p>GPS NEO6M V2 es un m\u00f3dulo receptor que puede ser utilizado en todo aquello que requiera un aplicaci\u00f3n de geolocalizaci\u00f3n, cuenta con una antena de gran potencia, posee una memoria EEPROM para guardar datos y una bater\u00eda para respaldar la configuraci\u00f3n del m\u00f3dulo, lo que le permite recibir las se\u00f1ales de los sat\u00e9lites que est\u00e1n alrededor de la tierra.<\/p>\n<p>El M\u00f3dulo GPS NEO6MV2 es ideal para proyectos de veh\u00edculos aut\u00f3nomos como aeronaves, quadcopters, helic\u00f3pteros, robots m\u00f3viles o drones y en toda aplicaci\u00f3n que requiera de geolocalizaci\u00f3n.<\/p>\n<p>El GPS GY-NEO6MV2 es compatible con Arduino, PIC, AVR, Raspberry y otros microcontroladores del mercado y puede entregar informaci\u00f3n precisa as\u00ed como ser configurado a trav\u00e9s del puerto UART.<\/p>\n<\/div>\n<hr \/>\n<h3><strong>ESPECIFICACIONES Y CARACTER\u00cdSTICAS\u00a0<\/strong><\/h3>\n<div>\n<ul>\n<li>Modelo: GY-NEO6MV2<\/li>\n<li>Dimensiones antena: 25 mm X 25 mm<\/li>\n<li>Dimensiones m\u00f3dulo: 36 mm X 25.9 mm<\/li>\n<li>Voltaje de alimentaci\u00f3n m\u00ednimo: 3.3V<\/li>\n<li>Voltaje de alimentaci\u00f3n m\u00e1ximo: 5V<\/li>\n<li>Corriente de funcionamiento: 45 mA<\/li>\n<li>Comunicaci\u00f3n: UART<\/li>\n<li>Velocidad de comunicaci\u00f3n: 9600 bps<\/li>\n<li>Memoria: EEPROM<\/li>\n<li>Interface: TTL serial<\/li>\n<li>Indicador de se\u00f1al: LED<\/li>\n<li>Pines de m\u00f3dulo: VCC, RX, TX y GND<\/li>\n<li>Sistema de coordenadas: WGS-84<\/li>\n<li>Sensibilidad de captura -148dBm<\/li>\n<li>Sensibilidad de rastreo: -161 dBm<\/li>\n<li>M\u00e1xima altura medible: 18000<\/li>\n<li>M\u00e1xima velocidad: 515 m\/s<\/li>\n<li>Exactitud: 1 micro segundo<\/li>\n<li>Frecuencia receptora: L1 (1575.42 Mhz)<\/li>\n<li>C\u00f3digo C\/A: 1.023 Mhz<\/li>\n<li>Tiempo de conexi\u00f3n por primera vez: M\u00ednimo 5min o Hasta casi 10min<\/li>\n<li>Tiempo de conexi\u00f3n por segunda vez: M\u00ednimo 40 segundos o Hasta 1 minuto<\/li>\n<li>Led de encendido: No<\/li>\n<li>Led indicador: Si, cuando reciba se\u00f1al y mande datos de los sat\u00e9lites por medio de la antena el led prender\u00e1 de lo contrario estar\u00e1 apagado<\/li>\n<\/ul>\n<h4><strong>Nota: Este m\u00f3dulo no funciona en espacios cerrados por lo que te recomendamos utilizarlo en espacios abiertos o cerca de ventanas, para que tengas una excelente conexi\u00f3n con los sat\u00e9lites. De lo contrario el m\u00f3dulo no se conectara y no proporcionara coordenadas y no se prendera el led indicador.<\/strong><\/h4>\n<h4><strong>Utilizar una fuente de alimentaci\u00f3n externa que pueda proporcionar m\u00ednimo 1A para alimentar el m\u00f3dulo y tener un buen funcionamiento ya que con poca corriente el m\u00f3dulo no funcionara correctamente y demora el tiempo de conexi\u00f3n.<\/strong><\/h4>\n<\/div>\n<\/div>\n","protected":false},"excerpt":{"rendered":"<p>GPS NEO6M V2 es un m\u00f3dulo receptor que puede ser utilizado en todo aquello que requiera un aplicaci\u00f3n de geolocalizaci\u00f3n, cuenta con una antena de gran potencia, posee una memoria EEPROM para guardar datos y una bater\u00eda para respaldar la configuraci\u00f3n del m\u00f3dulo, lo que le permite recibir las se\u00f1ales&hellip; <\/p>\n","protected":false},"featured_media":521,"comment_status":"open","ping_status":"closed","template":"","meta":{"om_disable_all_campaigns":false,"_monsterinsights_skip_tracking":false,"_monsterinsights_sitenote_active":false,"_monsterinsights_sitenote_note":"","_monsterinsights_sitenote_category":0},"product_cat":[37,73],"product_tag":[],"class_list":{"0":"post-519","1":"product","2":"type-product","3":"status-publish","4":"has-post-thumbnail","6":"product_cat-modulos","7":"product_cat-wireless","9":"first","10":"instock","11":"taxable","12":"shipping-taxable","13":"purchasable","14":"product-type-simple"},"aioseo_notices":[],"_links":{"self":[{"href":"https:\/\/techtronik.store\/index.php?rest_route=\/wp\/v3\/product\/519","targetHints":{"allow":["GET"]}}],"collection":[{"href":"https:\/\/techtronik.store\/index.php?rest_route=\/wp\/v3\/product"}],"about":[{"href":"https:\/\/techtronik.store\/index.php?rest_route=\/wp\/v2\/types\/product"}],"replies":[{"embeddable":true,"href":"https:\/\/techtronik.store\/index.php?rest_route=%2Fwp%2Fv2%2Fcomments&post=519"}],"wp:featuredmedia":[{"embeddable":true,"href":"https:\/\/techtronik.store\/index.php?rest_route=\/wp\/v2\/media\/521"}],"wp:attachment":[{"href":"https:\/\/techtronik.store\/index.php?rest_route=%2Fwp%2Fv2%2Fmedia&parent=519"}],"wp:term":[{"taxonomy":"product_cat","embeddable":true,"href":"https:\/\/techtronik.store\/index.php?rest_route=%2Fwp%2Fv2%2Fproduct_cat&post=519"},{"taxonomy":"product_tag","embeddable":true,"href":"https:\/\/techtronik.store\/index.php?rest_route=%2Fwp%2Fv2%2Fproduct_tag&post=519"}],"curies":[{"name":"wp","href":"https:\/\/api.w.org\/{rel}","templated":true}]}}