{"id":501,"date":"2022-04-11T01:04:06","date_gmt":"2022-04-11T01:04:06","guid":{"rendered":"http:\/\/techtronik.store\/?post_type=product&#038;p=501"},"modified":"2024-03-11T23:14:32","modified_gmt":"2024-03-11T23:14:32","slug":"modulo-giroscopio-mpu6050","status":"publish","type":"product","link":"https:\/\/techtronik.store\/?product=modulo-giroscopio-mpu6050","title":{"rendered":"Modulo Giroscopio MPU6050"},"content":{"rendered":"<div align=\"justify\">\n<div align=\"justify\">\n<p>El IMU MPU6050 6 Grados de libertad es un circuito integrado que combina un giroscopio de\u00a0<span class=\"googie_link\">3-ejes<\/span>\u00a0y un aceler\u00f3metro de\u00a0<span class=\"googie_link\">3-ejes<\/span> en el mismo chip, teniendo 6 grados de libertad (DoF).<\/p>\n<p>El MPU6050 es \u00fatil para sistemas de control, medici\u00f3n de vibraci\u00f3n, sistemas de medici\u00f3n inercial (IMU), detecci\u00f3n de ca\u00eddas, sensor de distancia y\/o velocidad o goniometr\u00eda (medici\u00f3n de \u00e1ngulos).<\/p>\n<hr \/>\n<h3><strong>ESPECIFICACI\u00d3N Y CARACTER\u00cdSTICAS<\/strong><\/h3>\n<ul>\n<li>Voltaje de funcionamiento:\u00a0<span class=\"googie_link\">3.3V<\/span>\u00a0a\u00a0<span class=\"googie_link\">5V<\/span><\/li>\n<li>Chip: MPU-6050.<\/li>\n<li>Grados de libertad (DoF): 6<\/li>\n<li>Protocolo de comunicaci\u00f3n:\u00a0<span class=\"googie_link\">I2C\u00a0<\/span><\/li>\n<li>Convertidor anal\u00f3gico a digital: 16 bit en todos los ejes.<\/li>\n<li>Rango\n<ul>\n<li><span class=\"googie_link\">Giroscopio<\/span>: +\/-250,+\/- 500,+\/- 1000 y +\/-\u00a0<span class=\"googie_link\">2000\u00b0\u00a0<\/span>\/s(dps)<\/li>\n<li>Aceler\u00f3metro: +\/-2 ,+\/-4 ,+\/-8\u00a0 y +\/<span class=\"googie_link\">-16g<\/span><\/li>\n<\/ul>\n<\/li>\n<\/ul>\n<\/div>\n<\/div>\n","protected":false},"excerpt":{"rendered":"<p>El IMU MPU6050 6 Grados de libertad es un circuito integrado que combina un giroscopio de\u00a03-ejes\u00a0y un aceler\u00f3metro de\u00a03-ejes en el mismo chip, teniendo 6 grados de libertad (DoF). El MPU6050 es \u00fatil para sistemas de control, medici\u00f3n de vibraci\u00f3n, sistemas de medici\u00f3n inercial (IMU), detecci\u00f3n de ca\u00eddas, sensor de&hellip; <\/p>\n","protected":false},"featured_media":504,"comment_status":"open","ping_status":"closed","template":"","meta":{"om_disable_all_campaigns":false,"_monsterinsights_skip_tracking":false,"_monsterinsights_sitenote_active":false,"_monsterinsights_sitenote_note":"","_monsterinsights_sitenote_category":0},"product_cat":[37,53],"product_tag":[],"class_list":{"0":"post-501","1":"product","2":"type-product","3":"status-publish","4":"has-post-thumbnail","6":"product_cat-modulos","7":"product_cat-sensores","9":"first","10":"instock","11":"taxable","12":"shipping-taxable","13":"purchasable","14":"product-type-simple"},"aioseo_notices":[],"_links":{"self":[{"href":"https:\/\/techtronik.store\/index.php?rest_route=\/wp\/v3\/product\/501","targetHints":{"allow":["GET"]}}],"collection":[{"href":"https:\/\/techtronik.store\/index.php?rest_route=\/wp\/v3\/product"}],"about":[{"href":"https:\/\/techtronik.store\/index.php?rest_route=\/wp\/v2\/types\/product"}],"replies":[{"embeddable":true,"href":"https:\/\/techtronik.store\/index.php?rest_route=%2Fwp%2Fv2%2Fcomments&post=501"}],"wp:featuredmedia":[{"embeddable":true,"href":"https:\/\/techtronik.store\/index.php?rest_route=\/wp\/v2\/media\/504"}],"wp:attachment":[{"href":"https:\/\/techtronik.store\/index.php?rest_route=%2Fwp%2Fv2%2Fmedia&parent=501"}],"wp:term":[{"taxonomy":"product_cat","embeddable":true,"href":"https:\/\/techtronik.store\/index.php?rest_route=%2Fwp%2Fv2%2Fproduct_cat&post=501"},{"taxonomy":"product_tag","embeddable":true,"href":"https:\/\/techtronik.store\/index.php?rest_route=%2Fwp%2Fv2%2Fproduct_tag&post=501"}],"curies":[{"name":"wp","href":"https:\/\/api.w.org\/{rel}","templated":true}]}}