{"id":463,"date":"2022-04-10T22:15:16","date_gmt":"2022-04-10T22:15:16","guid":{"rendered":"http:\/\/techtronik.store\/?post_type=product&#038;p=463"},"modified":"2023-06-30T17:39:43","modified_gmt":"2023-06-30T17:39:43","slug":"lm317","status":"publish","type":"product","link":"https:\/\/techtronik.store\/?product=lm317","title":{"rendered":"LM317"},"content":{"rendered":"<div align=\"justify\">\n<div align=\"justify\">\n<div align=\"justify\">\n<div align=\"justify\">\n<p>El LM317 es un regulador de voltaje ajustable con 3 terminales que suministra m\u00e1s de 1.5A en un rango de voltaje de 1.2V a 37V<\/p>\n<p>Este regulador de voltaje es excepcionalmente f\u00e1cil de usar y requiere solo dos resistencias externas para establecer el voltaje de salida. Adem\u00e1s emplea limitaci\u00f3n interna de corriente, apagado t\u00e9rmico y \u00e1rea segura compensaci\u00f3n haci\u00e9ndolo esencialmente a prueba de explosi\u00f3n.<\/p>\n<p>Sirve una amplia variedad de aplicaciones, incluidas las locales, en regulaci\u00f3n de la tarjeta. Este dispositivo tambi\u00e9n se puede utilizar para hacer un programable regulador de salida, o conectando una resistencia fija entre el LM317 puede utilizarse como corriente de precisi\u00f3n regulador Sus pines son tres: ajuste (ADJ), entrada (IN) y salida (OUT). Una de las aplicaciones m\u00e1s frecuentes del circuito integrado LM317 es la regulaci\u00f3n de tensi\u00f3n en un circuito el\u00e9ctrico.<\/p>\n<\/div>\n<hr \/>\n<h3><strong>ESPECIFICACIONES Y CARACTER\u00cdSTICAS\u00a0<\/strong><\/h3>\n<ul>\n<li>Corriente de salida en exceso de 1.5V<\/li>\n<li>Salida ajustable entre 1.2V y 37V<\/li>\n<li>Protecci\u00f3n de sobrecarga t\u00e9rmica interna<\/li>\n<li>Corriente interna de cortocircuito de limita la constante con la temperatura<\/li>\n<li>Compensaci\u00f3n de \u00e1rea segura del transistor de salida<\/li>\n<li>Elimina el almacenamiento de muchos voltajes fijos<\/li>\n<li>Empaquetado \/ estuche: TO-220<\/li>\n<li>Peso: 1 g<\/li>\n<\/ul>\n<\/div>\n<\/div>\n<\/div>\n","protected":false},"excerpt":{"rendered":"<p>El LM317 es un regulador de voltaje ajustable con 3 terminales que suministra m\u00e1s de 1.5A en un rango de voltaje de 1.2V a 37V Este regulador de voltaje es excepcionalmente f\u00e1cil de usar y requiere solo dos resistencias externas para establecer el voltaje de salida. Adem\u00e1s emplea limitaci\u00f3n interna&hellip; <\/p>\n","protected":false},"featured_media":172,"comment_status":"open","ping_status":"closed","template":"","meta":{"om_disable_all_campaigns":false,"_monsterinsights_skip_tracking":false,"_monsterinsights_sitenote_active":false,"_monsterinsights_sitenote_note":"","_monsterinsights_sitenote_category":0},"product_cat":[35,25],"product_tag":[],"class_list":{"0":"post-463","1":"product","2":"type-product","3":"status-publish","4":"has-post-thumbnail","6":"product_cat-reguladores-lineales","7":"product_cat-fuentes-y-reguladores","9":"first","10":"instock","11":"taxable","12":"shipping-taxable","13":"purchasable","14":"product-type-simple"},"aioseo_notices":[],"_links":{"self":[{"href":"https:\/\/techtronik.store\/index.php?rest_route=\/wp\/v3\/product\/463","targetHints":{"allow":["GET"]}}],"collection":[{"href":"https:\/\/techtronik.store\/index.php?rest_route=\/wp\/v3\/product"}],"about":[{"href":"https:\/\/techtronik.store\/index.php?rest_route=\/wp\/v2\/types\/product"}],"replies":[{"embeddable":true,"href":"https:\/\/techtronik.store\/index.php?rest_route=%2Fwp%2Fv2%2Fcomments&post=463"}],"wp:featuredmedia":[{"embeddable":true,"href":"https:\/\/techtronik.store\/index.php?rest_route=\/wp\/v2\/media\/172"}],"wp:attachment":[{"href":"https:\/\/techtronik.store\/index.php?rest_route=%2Fwp%2Fv2%2Fmedia&parent=463"}],"wp:term":[{"taxonomy":"product_cat","embeddable":true,"href":"https:\/\/techtronik.store\/index.php?rest_route=%2Fwp%2Fv2%2Fproduct_cat&post=463"},{"taxonomy":"product_tag","embeddable":true,"href":"https:\/\/techtronik.store\/index.php?rest_route=%2Fwp%2Fv2%2Fproduct_tag&post=463"}],"curies":[{"name":"wp","href":"https:\/\/api.w.org\/{rel}","templated":true}]}}