{"id":447,"date":"2022-04-10T05:35:06","date_gmt":"2022-04-10T05:35:06","guid":{"rendered":"http:\/\/techtronik.store\/?post_type=product&#038;p=447"},"modified":"2023-02-05T22:35:24","modified_gmt":"2023-02-05T22:35:24","slug":"holder-bateria-18650-pcb","status":"publish","type":"product","link":"https:\/\/techtronik.store\/?product=holder-bateria-18650-pcb","title":{"rendered":"Holder Bater\u00eda 18650 PCB"},"content":{"rendered":"<div align=\"justify\">\n<p>Porta Pila 18650 disponible de 1 a 4 bater\u00edas, este tipo de porta pilas son ideales para conectar de manera r\u00e1pida bater\u00edas de Litio Li Ion 18650 en un PCB y as\u00ed alimentar tus proyectos de electr\u00f3nica.<\/p>\n<\/div>\n<hr \/>\n<h3><strong>ESPECIFICACIONES Y CARACTER\u00cdSTICAS<\/strong><\/h3>\n<ul>\n<li>Tipo: Porta Pila 18650<\/li>\n<li>Bater\u00eda compatible:18650 Litio Li Ion<\/li>\n<li>Color: Negro<\/li>\n<li>Material: Pl\u00e1stico<\/li>\n<\/ul>\n","protected":false},"excerpt":{"rendered":"<p>Porta Pila 18650 disponible de 1 a 4 bater\u00edas, este tipo de porta pilas son ideales para conectar de manera r\u00e1pida bater\u00edas de Litio Li Ion 18650 en un PCB y as\u00ed alimentar tus proyectos de electr\u00f3nica. ESPECIFICACIONES Y CARACTER\u00cdSTICAS Tipo: Porta Pila 18650 Bater\u00eda compatible:18650 Litio Li Ion Color:&hellip; <\/p>\n","protected":false},"featured_media":88,"comment_status":"open","ping_status":"closed","template":"","meta":{"om_disable_all_campaigns":false,"_monsterinsights_skip_tracking":false,"_monsterinsights_sitenote_active":false,"_monsterinsights_sitenote_note":"","_monsterinsights_sitenote_category":0},"product_cat":[32,25],"product_tag":[],"class_list":{"0":"post-447","1":"product","2":"type-product","3":"status-publish","4":"has-post-thumbnail","6":"product_cat-baterias","7":"product_cat-fuentes-y-reguladores","9":"first","10":"instock","11":"taxable","12":"shipping-taxable","13":"purchasable","14":"product-type-variable"},"aioseo_notices":[],"_links":{"self":[{"href":"https:\/\/techtronik.store\/index.php?rest_route=\/wp\/v3\/product\/447","targetHints":{"allow":["GET"]}}],"collection":[{"href":"https:\/\/techtronik.store\/index.php?rest_route=\/wp\/v3\/product"}],"about":[{"href":"https:\/\/techtronik.store\/index.php?rest_route=\/wp\/v2\/types\/product"}],"replies":[{"embeddable":true,"href":"https:\/\/techtronik.store\/index.php?rest_route=%2Fwp%2Fv2%2Fcomments&post=447"}],"wp:featuredmedia":[{"embeddable":true,"href":"https:\/\/techtronik.store\/index.php?rest_route=\/wp\/v2\/media\/88"}],"wp:attachment":[{"href":"https:\/\/techtronik.store\/index.php?rest_route=%2Fwp%2Fv2%2Fmedia&parent=447"}],"wp:term":[{"taxonomy":"product_cat","embeddable":true,"href":"https:\/\/techtronik.store\/index.php?rest_route=%2Fwp%2Fv2%2Fproduct_cat&post=447"},{"taxonomy":"product_tag","embeddable":true,"href":"https:\/\/techtronik.store\/index.php?rest_route=%2Fwp%2Fv2%2Fproduct_tag&post=447"}],"curies":[{"name":"wp","href":"https:\/\/api.w.org\/{rel}","templated":true}]}}