{"id":442,"date":"2022-04-10T05:18:57","date_gmt":"2022-04-10T05:18:57","guid":{"rendered":"http:\/\/techtronik.store\/?post_type=product&#038;p=442"},"modified":"2023-07-04T18:01:08","modified_gmt":"2023-07-04T18:01:08","slug":"relevador-5v","status":"publish","type":"product","link":"https:\/\/techtronik.store\/?product=relevador-5v","title":{"rendered":"Relevador 5V"},"content":{"rendered":"<div align=\"justify\">\n<h4><strong>\u00bfQu\u00e9 es?<\/strong><\/h4>\n<p>El Relevador 5V DC es un interruptor cuyo control corre por cuenta de un circuito el\u00e9ctrico, a trav\u00e9s de una bobina y un electroim\u00e1n este\u00a0 incide sobre diversos contactos para la apertura o el cierre de otros circuitos, que funcionan de manera independiente.<\/p>\n<h4><strong>\u00bfPara qu\u00e9 sirve?<\/strong><\/h4>\n<p>El Relevador 5V DC pueden controlar de\u00a0 manera aislada\u00a0 voltajes\u00a0 y corrientes\u00a0 alternos o directos, relativamente altos.<\/p>\n<p>Con NodeMCU, 8051, AVR, PIC, DSP, ARM, MSP430, TTL, sensores, etc) y un relevador\u00a0 se puede controlar el encendido y apagado s\u00f3lo por mencionar unos ejemplos de: motores de corriente alterna, bombas de agua, foco incandescentes, calentador de agua, motor de DC, led de potencia, ventiladores, etc.<\/p>\n<h4><strong>\u00bfC\u00f3mo funciona?<\/strong><\/h4>\n<p>Al energizar\u00a0 la bobina\u00a0 interna, esta\u00a0 mueve de manera mec\u00e1nica y aislada\u00a0 un contacto m\u00f3vil (Com\u00fan), este a su vez cambia de estado a\u00a0 dos contactos,\u00a0 uno de estar\u00a0 normalmente Cerrado (NC) a\u00a0 abierto y otro de estar Normalmente abierto (NO) a cerrado. Estos\u00a0 funcionan c\u00f3mo interruptores, en los cuales pueden\u00a0 circular voltajes\u00a0 y corrientes relativamente altos\u00a0 y ser controlado por la bobina con poca energ\u00eda.<\/p>\n<\/div>\n<hr \/>\n<h3><strong>ESPECIFICACIONES Y CARACTER\u00cdSTICAS<\/strong><\/h3>\n<ul>\n<li>Tipo: Relevador 5 VCD<\/li>\n<li>Voltaje m\u00e1ximo en AC del interruptor: 240V a 7A \u00f3 125V a 10A<\/li>\n<li>Corriente nominal en bobina 71.4mA<\/li>\n<li>Voltaje m\u00e1ximo en DC del interruptor: 30V\u00a0 a 10A<\/li>\n<li>Voltaje para activaci\u00f3n de bobina: 5 VCD<\/li>\n<li>Resistencia en bobina 70(\u03a9) \u00b1 10%<\/li>\n<li>Pines: 5<\/li>\n<li>Expectativa de vida: 100,000 accionamientos<\/li>\n<li>Temperatura de operaci\u00f3n -25 a\u00a0 70 \u2103<\/li>\n<li>Humedad ambiente: 45% ~ 85 % sin condensaci\u00f3n<\/li>\n<li>Dimensiones : 1.91cm X 1.55cm X 1.53cm (L * W * H)<\/li>\n<li>Peso: 10g<\/li>\n<li>Material de Shell: pl\u00e1stico<\/li>\n<\/ul>\n","protected":false},"excerpt":{"rendered":"<p>\u00bfQu\u00e9 es? El Relevador 5V DC es un interruptor cuyo control corre por cuenta de un circuito el\u00e9ctrico, a trav\u00e9s de una bobina y un electroim\u00e1n este\u00a0 incide sobre diversos contactos para la apertura o el cierre de otros circuitos, que funcionan de manera independiente. \u00bfPara qu\u00e9 sirve? El Relevador&hellip; <\/p>\n","protected":false},"featured_media":232,"comment_status":"open","ping_status":"closed","template":"","meta":{"om_disable_all_campaigns":false,"_monsterinsights_skip_tracking":false,"_monsterinsights_sitenote_active":false,"_monsterinsights_sitenote_note":"","_monsterinsights_sitenote_category":0},"product_cat":[31,24],"product_tag":[],"class_list":{"0":"post-442","1":"product","2":"type-product","3":"status-publish","4":"has-post-thumbnail","6":"product_cat-relevadores","7":"product_cat-drivers","9":"first","10":"instock","11":"taxable","12":"shipping-taxable","13":"purchasable","14":"product-type-simple"},"aioseo_notices":[],"_links":{"self":[{"href":"https:\/\/techtronik.store\/index.php?rest_route=\/wp\/v3\/product\/442","targetHints":{"allow":["GET"]}}],"collection":[{"href":"https:\/\/techtronik.store\/index.php?rest_route=\/wp\/v3\/product"}],"about":[{"href":"https:\/\/techtronik.store\/index.php?rest_route=\/wp\/v2\/types\/product"}],"replies":[{"embeddable":true,"href":"https:\/\/techtronik.store\/index.php?rest_route=%2Fwp%2Fv2%2Fcomments&post=442"}],"wp:featuredmedia":[{"embeddable":true,"href":"https:\/\/techtronik.store\/index.php?rest_route=\/wp\/v2\/media\/232"}],"wp:attachment":[{"href":"https:\/\/techtronik.store\/index.php?rest_route=%2Fwp%2Fv2%2Fmedia&parent=442"}],"wp:term":[{"taxonomy":"product_cat","embeddable":true,"href":"https:\/\/techtronik.store\/index.php?rest_route=%2Fwp%2Fv2%2Fproduct_cat&post=442"},{"taxonomy":"product_tag","embeddable":true,"href":"https:\/\/techtronik.store\/index.php?rest_route=%2Fwp%2Fv2%2Fproduct_tag&post=442"}],"curies":[{"name":"wp","href":"https:\/\/api.w.org\/{rel}","templated":true}]}}