{"id":429,"date":"2022-04-10T04:44:56","date_gmt":"2022-04-10T04:44:56","guid":{"rendered":"http:\/\/techtronik.store\/?post_type=product&#038;p=429"},"modified":"2023-10-13T00:56:42","modified_gmt":"2023-10-13T00:56:42","slug":"pantalla-display-oled-128x64","status":"publish","type":"product","link":"https:\/\/techtronik.store\/?product=pantalla-display-oled-128x64","title":{"rendered":"Pantalla Display OLED 128&#215;64"},"content":{"rendered":"<p><strong>INFORMACI\u00d3N<\/strong><\/p>\n<div align=\"justify\">\n<h4>\u00bfQu\u00e9 es un Display Oled de 128\u00d764 SH1106?<\/h4>\n<p>Display Oled SH1106 I2C de 128\u00d764 0.96\u2033es una mini pantalla que permite mostrar tanto texto como gr\u00e1ficos. Adem\u00e1s por ser de tipo OLED no necesita de retroiluminaci\u00f3n (Backlight) como los LCD, lo que hace que su consumo de energ\u00eda sea mucho menor y aumenta su contraste.<\/p>\n<h4>\u00bfC\u00f3mo funciona un Display Oled de 128\u00d764 SH1106?<\/h4>\n<p>Para hacer funcionar el Display Oled es necesario utilizar un microcontrolador (Como ejemplo puedes utilizar la placa de desarrollo de Arduino Uno). Para esta placa el driver es el SH1106, con una librer\u00eda que permite mostrar texto, mapas de bits, p\u00edxeles, rect\u00e1ngulos, c\u00edrculos y l\u00edneas.<\/p>\n<p>La interface de comunicaci\u00f3n es de tipo I2C y puede trabajar con sistemas desde 3V hasta 5V debido a su regulador de voltaje. Debemos tener en cuenta que los pines I2C son diferentes para cada modelo de Arduino. Para el Arduino Uno, Nano y Pro Mini, los pines del SDA es el pin A4 y el SCK el pin A5.<\/p><\/div>\n<hr>\n<h3><strong>ESPECIFICACIONES Y CARACTER\u00cdSTICAS<\/strong><\/h3>\n<div>\n<ul>\n<li>Tipo: Display Oled<\/li>\n<li>Resoluci\u00f3n: 128\u00d764 p\u00edxeles \u2013 0.96 Pulgadas<\/li>\n<li>Monocromo: P\u00edxeles Blancos<\/li>\n<li>Driver: SH1106<\/li>\n<li>Interfaz: I2C (direcci\u00f3n I2C: 0x3C)<\/li>\n<li>Pines: 4 (VDD, GND, SCK y SDA)<\/li>\n<li>Dimensiones: 26mm x 14mm x 3mm<\/li>\n<li>Voltaje de Operaci\u00f3n: 3V \u2013 5.5V DC<\/li>\n<li>\u00c1ngulo de visi\u00f3n: &gt;160\u00ba<\/li>\n<li>Ultra bajo consumo de energ\u00eda: 0.04W Cuando est\u00e1n encendidos todos los p\u00edxeles<\/li>\n<li>Temperatura de trabajo: -30\u00baC ~ 70\u00baC<\/li>\n<\/ul>\n<\/div>\n","protected":false},"excerpt":{"rendered":"<p>INFORMACI\u00d3N \u00bfQu\u00e9 es un Display Oled de 128\u00d764 SH1106? Display Oled SH1106 I2C de 128\u00d764 0.96\u2033es una mini pantalla que permite mostrar tanto texto como gr\u00e1ficos. Adem\u00e1s por ser de tipo OLED no necesita de retroiluminaci\u00f3n (Backlight) como los LCD, lo que hace que su consumo de energ\u00eda sea mucho&hellip; <\/p>\n","protected":false},"featured_media":432,"comment_status":"open","ping_status":"closed","template":"","meta":{"om_disable_all_campaigns":false,"_monsterinsights_skip_tracking":false,"_monsterinsights_sitenote_active":false,"_monsterinsights_sitenote_note":"","_monsterinsights_sitenote_category":0},"product_cat":[23],"product_tag":[],"class_list":{"0":"post-429","1":"product","2":"type-product","3":"status-publish","4":"has-post-thumbnail","6":"product_cat-displays","8":"first","9":"instock","10":"taxable","11":"shipping-taxable","12":"purchasable","13":"product-type-simple"},"aioseo_notices":[],"_links":{"self":[{"href":"https:\/\/techtronik.store\/index.php?rest_route=\/wp\/v3\/product\/429","targetHints":{"allow":["GET"]}}],"collection":[{"href":"https:\/\/techtronik.store\/index.php?rest_route=\/wp\/v3\/product"}],"about":[{"href":"https:\/\/techtronik.store\/index.php?rest_route=\/wp\/v2\/types\/product"}],"replies":[{"embeddable":true,"href":"https:\/\/techtronik.store\/index.php?rest_route=%2Fwp%2Fv2%2Fcomments&post=429"}],"wp:featuredmedia":[{"embeddable":true,"href":"https:\/\/techtronik.store\/index.php?rest_route=\/wp\/v2\/media\/432"}],"wp:attachment":[{"href":"https:\/\/techtronik.store\/index.php?rest_route=%2Fwp%2Fv2%2Fmedia&parent=429"}],"wp:term":[{"taxonomy":"product_cat","embeddable":true,"href":"https:\/\/techtronik.store\/index.php?rest_route=%2Fwp%2Fv2%2Fproduct_cat&post=429"},{"taxonomy":"product_tag","embeddable":true,"href":"https:\/\/techtronik.store\/index.php?rest_route=%2Fwp%2Fv2%2Fproduct_tag&post=429"}],"curies":[{"name":"wp","href":"https:\/\/api.w.org\/{rel}","templated":true}]}}