{"id":424,"date":"2022-04-10T04:30:37","date_gmt":"2022-04-10T04:30:37","guid":{"rendered":"http:\/\/techtronik.store\/?post_type=product&#038;p=424"},"modified":"2023-07-19T16:48:12","modified_gmt":"2023-07-19T16:48:12","slug":"switch-deslizable-spdt","status":"publish","type":"product","link":"https:\/\/techtronik.store\/?product=switch-deslizable-spdt","title":{"rendered":"Switch Deslizable SPDT"},"content":{"rendered":"<h4><strong>\u00bfQue es?<\/strong><\/h4>\n<p>Aunque se comportan de manera muy similar a los interruptores de bot\u00f3n pulsador, los interruptores deslizantes tienen una forma t\u00e1ctil m\u00e1s evidente, que permite al usuario diferenciar de manera m\u00e1s segura entre los estados de encendido y apagado.<\/p>\n<h4><strong>\u00bfPara que sirve?<\/strong><\/h4>\n<p>Es una excelente opci\u00f3n si requiere un interruptor de encendido\/apagado para dispositivos electr\u00f3nicos de baja potencia. Ideales para controlar el flujo de corriente en circuitos m\u00e1s peque\u00f1os, es muy com\u00fan ver interruptores deslizantes utilizados como interruptores de alimentaci\u00f3n principal en dispositivos el\u00e9ctricos peque\u00f1os que funcionan con bater\u00eda<\/p>\n<h4><strong>\u00bfComo funciona?<\/strong><\/h4>\n<p>Los interruptores deslizantes se utilizan para controlar el flujo de corriente en un circuito y suelen utilizar un dispositivo deslizante mec\u00e1nico para conectar y desconectar una corriente, deslizando entre un estado de apertura y cierre.<\/p>\n","protected":false},"excerpt":{"rendered":"<p>\u00bfQue es? Aunque se comportan de manera muy similar a los interruptores de bot\u00f3n pulsador, los interruptores deslizantes tienen una forma t\u00e1ctil m\u00e1s evidente, que permite al usuario diferenciar de manera m\u00e1s segura entre los estados de encendido y apagado. \u00bfPara que sirve? Es una excelente opci\u00f3n si requiere un&hellip; <\/p>\n","protected":false},"featured_media":245,"comment_status":"open","ping_status":"closed","template":"","meta":{"om_disable_all_campaigns":false,"_monsterinsights_skip_tracking":false,"_monsterinsights_sitenote_active":false,"_monsterinsights_sitenote_note":"","_monsterinsights_sitenote_category":0},"product_cat":[30,22],"product_tag":[],"class_list":{"0":"post-424","1":"product","2":"type-product","3":"status-publish","4":"has-post-thumbnail","6":"product_cat-dip-switch","7":"product_cat-conectores-e-interruptores","9":"first","10":"instock","11":"taxable","12":"shipping-taxable","13":"purchasable","14":"product-type-simple"},"aioseo_notices":[],"_links":{"self":[{"href":"https:\/\/techtronik.store\/index.php?rest_route=\/wp\/v3\/product\/424","targetHints":{"allow":["GET"]}}],"collection":[{"href":"https:\/\/techtronik.store\/index.php?rest_route=\/wp\/v3\/product"}],"about":[{"href":"https:\/\/techtronik.store\/index.php?rest_route=\/wp\/v2\/types\/product"}],"replies":[{"embeddable":true,"href":"https:\/\/techtronik.store\/index.php?rest_route=%2Fwp%2Fv2%2Fcomments&post=424"}],"wp:featuredmedia":[{"embeddable":true,"href":"https:\/\/techtronik.store\/index.php?rest_route=\/wp\/v2\/media\/245"}],"wp:attachment":[{"href":"https:\/\/techtronik.store\/index.php?rest_route=%2Fwp%2Fv2%2Fmedia&parent=424"}],"wp:term":[{"taxonomy":"product_cat","embeddable":true,"href":"https:\/\/techtronik.store\/index.php?rest_route=%2Fwp%2Fv2%2Fproduct_cat&post=424"},{"taxonomy":"product_tag","embeddable":true,"href":"https:\/\/techtronik.store\/index.php?rest_route=%2Fwp%2Fv2%2Fproduct_tag&post=424"}],"curies":[{"name":"wp","href":"https:\/\/api.w.org\/{rel}","templated":true}]}}