{"id":2652,"date":"2022-09-26T16:33:02","date_gmt":"2022-09-26T16:33:02","guid":{"rendered":"https:\/\/techtronik.store\/?post_type=product&#038;p=2652"},"modified":"2023-07-18T17:18:06","modified_gmt":"2023-07-18T17:18:06","slug":"modulo-l298","status":"publish","type":"product","link":"https:\/\/techtronik.store\/?product=modulo-l298","title":{"rendered":"Modulo L298"},"content":{"rendered":"<p>El Driver L298N Motor a pasos posee dos puente H que permiten controlar 2 motores DC o un motor paso a paso bipolar\/unipolar. Tiene integrado un regulador de voltaje de 5 volts encargado de alimentar la parte l\u00f3gica del L298N, el uso de este regulador se hace a trav\u00e9s de un jumper y se puede usar para alimentar la etapa de control.<\/p>\n<p>El m\u00f3dulo es \u00fatil para controlar motores hasta 2A controlando el sentido de giro y velocidad mediante se\u00f1ales TTL que se pueden obtener de microcontroladores y tarjetas de desarrollo como Arduino, Raspberry Pi y Launchpads de Texas Instruments.<\/p>\n","protected":false},"excerpt":{"rendered":"<p>El Driver L298N Motor a pasos posee dos puente H que permiten controlar 2 motores DC o un motor paso a paso bipolar\/unipolar. Tiene integrado un regulador de voltaje de 5 volts encargado de alimentar la parte l\u00f3gica del L298N, el uso de este regulador se hace a trav\u00e9s de&hellip; <\/p>\n","protected":false},"featured_media":2653,"comment_status":"open","ping_status":"closed","template":"","meta":{"om_disable_all_campaigns":false,"_monsterinsights_skip_tracking":false,"_monsterinsights_sitenote_active":false,"_monsterinsights_sitenote_note":"","_monsterinsights_sitenote_category":0},"product_cat":[37,38,24],"product_tag":[],"class_list":{"0":"post-2652","1":"product","2":"type-product","3":"status-publish","4":"has-post-thumbnail","6":"product_cat-modulos","7":"product_cat-motores","8":"product_cat-drivers","10":"first","11":"outofstock","12":"taxable","13":"shipping-taxable","14":"purchasable","15":"product-type-simple"},"aioseo_notices":[],"_links":{"self":[{"href":"https:\/\/techtronik.store\/index.php?rest_route=\/wp\/v3\/product\/2652","targetHints":{"allow":["GET"]}}],"collection":[{"href":"https:\/\/techtronik.store\/index.php?rest_route=\/wp\/v3\/product"}],"about":[{"href":"https:\/\/techtronik.store\/index.php?rest_route=\/wp\/v2\/types\/product"}],"replies":[{"embeddable":true,"href":"https:\/\/techtronik.store\/index.php?rest_route=%2Fwp%2Fv2%2Fcomments&post=2652"}],"wp:featuredmedia":[{"embeddable":true,"href":"https:\/\/techtronik.store\/index.php?rest_route=\/wp\/v2\/media\/2653"}],"wp:attachment":[{"href":"https:\/\/techtronik.store\/index.php?rest_route=%2Fwp%2Fv2%2Fmedia&parent=2652"}],"wp:term":[{"taxonomy":"product_cat","embeddable":true,"href":"https:\/\/techtronik.store\/index.php?rest_route=%2Fwp%2Fv2%2Fproduct_cat&post=2652"},{"taxonomy":"product_tag","embeddable":true,"href":"https:\/\/techtronik.store\/index.php?rest_route=%2Fwp%2Fv2%2Fproduct_tag&post=2652"}],"curies":[{"name":"wp","href":"https:\/\/api.w.org\/{rel}","templated":true}]}}