{"id":2635,"date":"2022-09-26T13:26:22","date_gmt":"2022-09-26T13:26:22","guid":{"rendered":"https:\/\/techtronik.store\/?post_type=product&#038;p=2635"},"modified":"2023-12-12T04:39:46","modified_gmt":"2023-12-12T04:39:46","slug":"mini-protoboard-170-puntos-syb-170","status":"publish","type":"product","link":"https:\/\/techtronik.store\/?product=mini-protoboard-170-puntos-syb-170","title":{"rendered":"Mini Protoboard 170 Puntos SYB-170"},"content":{"rendered":"<div align=\"justify\">\n<div align=\"justify\">\n<p>La Protoboard 170pts SYB-170, es una tablilla de pl\u00e1stico con orificios, en la cual se pueden armar de manera f\u00e1cil circuitos electr\u00f3nicos mediante la utilizaci\u00f3n de <strong>componentes electr\u00f3nicos<\/strong>\u00a0y cables.<\/p>\n<p>El Protoboard 170pts SYB-170 es una tablilla de pruebas, que cuenta con 170 perforaciones divididas en filas horizontales y columnas verticales para realizar conexiones el\u00e9ctricas, puedes conectar cualquier elemento electr\u00f3nico para realizar prototipos, practicas y simulaciones de circuitos electr\u00f3nicos.<\/p>\n<p>La Protoboard 170pts SYB-170 se puede realizar cualquier tipo de proyecto electr\u00f3nico, generalmente se utiliza en practicas escolares como en proyectos de control, compuertas l\u00f3gicas, rob\u00f3tica, utilizaci\u00f3n con las placas de desarrollo <strong>Arduino<\/strong>, etc.<\/p>\n<hr \/>\n<\/div>\n<p>&nbsp;<\/p>\n<\/div>\n","protected":false},"excerpt":{"rendered":"<p>La Protoboard 170pts SYB-170, es una tablilla de pl\u00e1stico con orificios, en la cual se pueden armar de manera f\u00e1cil circuitos electr\u00f3nicos mediante la utilizaci\u00f3n de componentes electr\u00f3nicos\u00a0y cables. El Protoboard 170pts SYB-170 es una tablilla de pruebas, que cuenta con 170 perforaciones divididas en filas horizontales y columnas verticales&hellip; <\/p>\n","protected":false},"featured_media":2636,"comment_status":"open","ping_status":"closed","template":"","meta":{"om_disable_all_campaigns":false,"_monsterinsights_skip_tracking":false,"_monsterinsights_sitenote_active":false,"_monsterinsights_sitenote_note":"","_monsterinsights_sitenote_category":0},"product_cat":[36,211],"product_tag":[],"class_list":{"0":"post-2635","1":"product","2":"type-product","3":"status-publish","4":"has-post-thumbnail","6":"product_cat-herramientas","7":"product_cat-placas-de-desarrollo","9":"first","10":"instock","11":"taxable","12":"shipping-taxable","13":"purchasable","14":"product-type-variable"},"aioseo_notices":[],"_links":{"self":[{"href":"https:\/\/techtronik.store\/index.php?rest_route=\/wp\/v3\/product\/2635","targetHints":{"allow":["GET"]}}],"collection":[{"href":"https:\/\/techtronik.store\/index.php?rest_route=\/wp\/v3\/product"}],"about":[{"href":"https:\/\/techtronik.store\/index.php?rest_route=\/wp\/v2\/types\/product"}],"replies":[{"embeddable":true,"href":"https:\/\/techtronik.store\/index.php?rest_route=%2Fwp%2Fv2%2Fcomments&post=2635"}],"wp:featuredmedia":[{"embeddable":true,"href":"https:\/\/techtronik.store\/index.php?rest_route=\/wp\/v2\/media\/2636"}],"wp:attachment":[{"href":"https:\/\/techtronik.store\/index.php?rest_route=%2Fwp%2Fv2%2Fmedia&parent=2635"}],"wp:term":[{"taxonomy":"product_cat","embeddable":true,"href":"https:\/\/techtronik.store\/index.php?rest_route=%2Fwp%2Fv2%2Fproduct_cat&post=2635"},{"taxonomy":"product_tag","embeddable":true,"href":"https:\/\/techtronik.store\/index.php?rest_route=%2Fwp%2Fv2%2Fproduct_tag&post=2635"}],"curies":[{"name":"wp","href":"https:\/\/api.w.org\/{rel}","templated":true}]}}