{"id":1941,"date":"2022-09-08T01:35:37","date_gmt":"2022-09-08T01:35:37","guid":{"rendered":"https:\/\/techtronik.store\/?post_type=product&#038;p=1941"},"modified":"2023-02-09T04:48:07","modified_gmt":"2023-02-09T04:48:07","slug":"raspberry-pi-pico","status":"publish","type":"product","link":"https:\/\/techtronik.store\/?product=raspberry-pi-pico","title":{"rendered":"Raspberry Pi Pico"},"content":{"rendered":"<p>Raspberry PI Pico es una tarjeta de desarrollo peque\u00f1a, r\u00e1pida y vers\u00e1til, esta basada en el microcontrolador \u201cMCU\u201d RP2040, el cual fue dise\u00f1ado por Raspberry Pi y cuenta con dos n\u00facleos ARM Cortex-M0+ que trabajan a 133 MHz, memoria Flash de 2 MB y con memoria RAM de 264 KB. La tarjeta ya cuenta con entradas y salidas E \/ S flexibles que incluye comunicaci\u00f3n I2C, SPI y E \/ S programables (PIO). Estos admiten un sinf\u00edn de posibles aplicaciones he integrar una gran variedad de sensores, display\u00b4s, actuadores y otros m\u00f3dulos.<\/p>\n<p>Ideal para prototipar proyectos de electr\u00f3nica de forma r\u00e1pida y sencilla. Es f\u00e1cil de utilizar ya que se puede conectar a una tablilla de pruebas \u201cProtoboard\u201d para interconectar sensores, m\u00f3dulos, display\u00b4s y otros m\u00f3dulos, para realizar todo tipo de proyectos electr\u00f3nicos. La tarjeta puede ser programada en lenguaje C y MicroPython de igual forma puede adaptarse a una amplia gama de aplicaciones y niveles de habilidad para principiantes como expertos.<\/p>\n","protected":false},"excerpt":{"rendered":"<p>Raspberry PI Pico es una tarjeta de desarrollo peque\u00f1a, r\u00e1pida y vers\u00e1til, esta basada en el microcontrolador \u201cMCU\u201d RP2040, el cual fue dise\u00f1ado por Raspberry Pi y cuenta con dos n\u00facleos ARM Cortex-M0+ que trabajan a 133 MHz, memoria Flash de 2 MB y con memoria RAM de 264 KB.&hellip; <\/p>\n","protected":false},"featured_media":1944,"comment_status":"open","ping_status":"closed","template":"","meta":{"om_disable_all_campaigns":false,"_monsterinsights_skip_tracking":false,"_monsterinsights_sitenote_active":false,"_monsterinsights_sitenote_note":"","_monsterinsights_sitenote_category":0},"product_cat":[37,211],"product_tag":[],"class_list":{"0":"post-1941","1":"product","2":"type-product","3":"status-publish","4":"has-post-thumbnail","6":"product_cat-modulos","7":"product_cat-placas-de-desarrollo","9":"first","10":"instock","11":"taxable","12":"shipping-taxable","13":"purchasable","14":"product-type-simple"},"aioseo_notices":[],"_links":{"self":[{"href":"https:\/\/techtronik.store\/index.php?rest_route=\/wp\/v3\/product\/1941","targetHints":{"allow":["GET"]}}],"collection":[{"href":"https:\/\/techtronik.store\/index.php?rest_route=\/wp\/v3\/product"}],"about":[{"href":"https:\/\/techtronik.store\/index.php?rest_route=\/wp\/v2\/types\/product"}],"replies":[{"embeddable":true,"href":"https:\/\/techtronik.store\/index.php?rest_route=%2Fwp%2Fv2%2Fcomments&post=1941"}],"wp:featuredmedia":[{"embeddable":true,"href":"https:\/\/techtronik.store\/index.php?rest_route=\/wp\/v2\/media\/1944"}],"wp:attachment":[{"href":"https:\/\/techtronik.store\/index.php?rest_route=%2Fwp%2Fv2%2Fmedia&parent=1941"}],"wp:term":[{"taxonomy":"product_cat","embeddable":true,"href":"https:\/\/techtronik.store\/index.php?rest_route=%2Fwp%2Fv2%2Fproduct_cat&post=1941"},{"taxonomy":"product_tag","embeddable":true,"href":"https:\/\/techtronik.store\/index.php?rest_route=%2Fwp%2Fv2%2Fproduct_tag&post=1941"}],"curies":[{"name":"wp","href":"https:\/\/api.w.org\/{rel}","templated":true}]}}