{"id":1914,"date":"2022-09-05T05:11:34","date_gmt":"2022-09-05T05:11:34","guid":{"rendered":"https:\/\/techtronik.store\/?post_type=product&#038;p=1914"},"modified":"2022-09-05T06:09:23","modified_gmt":"2022-09-05T06:09:23","slug":"motor-a-pasos-nema-17-17hs4401","status":"publish","type":"product","link":"https:\/\/techtronik.store\/?product=motor-a-pasos-nema-17-17hs4401","title":{"rendered":"Motor a Pasos NEMA 17 17HS4401"},"content":{"rendered":"<p>Motor a pasos Nema 17 de 1.7Amp y 4Kg\/cm es un dispositivo electromec\u00e1nico que convierte una serie de impulsos el\u00e9ctricos en desplazamientos angulares discretos, lo que permite girar una cantidad de grados para controlar cualquier movimiento paso a paso con una rotaci\u00f3n m\u00ednima de 1.8 grados. Este motor a pasos Nema 17 17HS4401 es de tipo bipolar, cuenta con cuatro cables de salida para conectar las dos bobinas que componen a este motor.<\/p>\n<p>Este motor a pasos Nema 17 17HS4401 es ideal para construir mecanismos en donde se utilicen movimientos muy precisos, es muy utilizado en impresoras 3D, Mini CNC, proyectos de rob\u00f3tica, iluminaci\u00f3n de escenario, grabado l\u00e1ser, equipo de automatizaci\u00f3n, equipo no est\u00e1ndar, m\u00e1quinas de colocaci\u00f3n para controlar cualquier movimiento paso a paso.<\/p>\n","protected":false},"excerpt":{"rendered":"<p>Motor a pasos Nema 17 de 1.7Amp y 4Kg\/cm es un dispositivo electromec\u00e1nico que convierte una serie de impulsos el\u00e9ctricos en desplazamientos angulares discretos, lo que permite girar una cantidad de grados para controlar cualquier movimiento paso a paso con una rotaci\u00f3n m\u00ednima de 1.8 grados. Este motor a pasos&hellip; <\/p>\n","protected":false},"featured_media":1916,"comment_status":"open","ping_status":"closed","template":"","meta":{"om_disable_all_campaigns":false,"_monsterinsights_skip_tracking":false,"_monsterinsights_sitenote_active":false,"_monsterinsights_sitenote_note":"","_monsterinsights_sitenote_category":0},"product_cat":[38],"product_tag":[],"class_list":{"0":"post-1914","1":"product","2":"type-product","3":"status-publish","4":"has-post-thumbnail","6":"product_cat-motores","8":"first","9":"instock","10":"taxable","11":"shipping-taxable","12":"purchasable","13":"product-type-simple"},"aioseo_notices":[],"_links":{"self":[{"href":"https:\/\/techtronik.store\/index.php?rest_route=\/wp\/v3\/product\/1914","targetHints":{"allow":["GET"]}}],"collection":[{"href":"https:\/\/techtronik.store\/index.php?rest_route=\/wp\/v3\/product"}],"about":[{"href":"https:\/\/techtronik.store\/index.php?rest_route=\/wp\/v2\/types\/product"}],"replies":[{"embeddable":true,"href":"https:\/\/techtronik.store\/index.php?rest_route=%2Fwp%2Fv2%2Fcomments&post=1914"}],"wp:featuredmedia":[{"embeddable":true,"href":"https:\/\/techtronik.store\/index.php?rest_route=\/wp\/v2\/media\/1916"}],"wp:attachment":[{"href":"https:\/\/techtronik.store\/index.php?rest_route=%2Fwp%2Fv2%2Fmedia&parent=1914"}],"wp:term":[{"taxonomy":"product_cat","embeddable":true,"href":"https:\/\/techtronik.store\/index.php?rest_route=%2Fwp%2Fv2%2Fproduct_cat&post=1914"},{"taxonomy":"product_tag","embeddable":true,"href":"https:\/\/techtronik.store\/index.php?rest_route=%2Fwp%2Fv2%2Fproduct_tag&post=1914"}],"curies":[{"name":"wp","href":"https:\/\/api.w.org\/{rel}","templated":true}]}}