{"id":1899,"date":"2022-09-05T03:48:55","date_gmt":"2022-09-05T03:48:55","guid":{"rendered":"https:\/\/techtronik.store\/?post_type=product&#038;p=1899"},"modified":"2022-09-05T03:57:16","modified_gmt":"2022-09-05T03:57:16","slug":"carcasa-de-acrilico-arduino-mega","status":"publish","type":"product","link":"https:\/\/techtronik.store\/?product=carcasa-de-acrilico-arduino-mega","title":{"rendered":"Carcasa de Acrilico Arduino Mega"},"content":{"rendered":"<p>La Carcasa Para Arduino Mega 2560\u00a0 elaborado con piezas de acr\u00edlico transparente cortadas con l\u00e1ser permitiendo el libre acceso a todos los puertos de conexi\u00f3n, incluidos los puertos de programaci\u00f3n (ISP) y los conectores para los diversos shields y accesorios; para la protecci\u00f3n de tu tarjeta Arduino Mega 2560. Viene incluido todo lo necesario para que puedas armar tu gabinete tan solo con ensamblarlo.<\/p>\n","protected":false},"excerpt":{"rendered":"<p>La Carcasa Para Arduino Mega 2560\u00a0 elaborado con piezas de acr\u00edlico transparente cortadas con l\u00e1ser permitiendo el libre acceso a todos los puertos de conexi\u00f3n, incluidos los puertos de programaci\u00f3n (ISP) y los conectores para los diversos shields y accesorios; para la protecci\u00f3n de tu tarjeta Arduino Mega 2560. Viene&hellip; <\/p>\n","protected":false},"featured_media":1901,"comment_status":"open","ping_status":"closed","template":"","meta":{"om_disable_all_campaigns":false,"_monsterinsights_skip_tracking":false,"_monsterinsights_sitenote_active":false,"_monsterinsights_sitenote_note":"","_monsterinsights_sitenote_category":0},"product_cat":[36],"product_tag":[],"class_list":{"0":"post-1899","1":"product","2":"type-product","3":"status-publish","4":"has-post-thumbnail","6":"product_cat-herramientas","8":"first","9":"instock","10":"taxable","11":"shipping-taxable","12":"purchasable","13":"product-type-simple"},"aioseo_notices":[],"_links":{"self":[{"href":"https:\/\/techtronik.store\/index.php?rest_route=\/wp\/v3\/product\/1899","targetHints":{"allow":["GET"]}}],"collection":[{"href":"https:\/\/techtronik.store\/index.php?rest_route=\/wp\/v3\/product"}],"about":[{"href":"https:\/\/techtronik.store\/index.php?rest_route=\/wp\/v2\/types\/product"}],"replies":[{"embeddable":true,"href":"https:\/\/techtronik.store\/index.php?rest_route=%2Fwp%2Fv2%2Fcomments&post=1899"}],"wp:featuredmedia":[{"embeddable":true,"href":"https:\/\/techtronik.store\/index.php?rest_route=\/wp\/v2\/media\/1901"}],"wp:attachment":[{"href":"https:\/\/techtronik.store\/index.php?rest_route=%2Fwp%2Fv2%2Fmedia&parent=1899"}],"wp:term":[{"taxonomy":"product_cat","embeddable":true,"href":"https:\/\/techtronik.store\/index.php?rest_route=%2Fwp%2Fv2%2Fproduct_cat&post=1899"},{"taxonomy":"product_tag","embeddable":true,"href":"https:\/\/techtronik.store\/index.php?rest_route=%2Fwp%2Fv2%2Fproduct_tag&post=1899"}],"curies":[{"name":"wp","href":"https:\/\/api.w.org\/{rel}","templated":true}]}}