{"id":1656,"date":"2022-06-21T15:20:01","date_gmt":"2022-06-21T15:20:01","guid":{"rendered":"http:\/\/techtronik.store\/?post_type=product&#038;p=1656"},"modified":"2023-05-09T00:54:38","modified_gmt":"2023-05-09T00:54:38","slug":"arduino-nano-r3-mini-usb","status":"publish","type":"product","link":"https:\/\/techtronik.store\/?product=arduino-nano-r3-mini-usb","title":{"rendered":"Arduino Nano R3 Mini USB"},"content":{"rendered":"<p>El Nano es una tarjeta de desarrollo basada en el\u00a0<strong>ATMEGA328<\/strong>, en otras palabras, una versi\u00f3n reducida de una tarjeta compatible con arduino UNO. Viene con headers macho, que puedes soldar tu mismo permiten una f\u00e1cil fijaci\u00f3n en una protoboard .<\/p>\n<p>El Nano es ideal para proyectos donde es necesario el microcontrolador ATMEGA328 pero con dimensiones reducidas y\/o donde es necesario minimizar la demanda de energ\u00eda que consume la placa: compatible con una gran variedad de <strong>sensores<\/strong>.<\/p>\n","protected":false},"excerpt":{"rendered":"<p>El Nano es una tarjeta de desarrollo basada en el\u00a0ATMEGA328, en otras palabras, una versi\u00f3n reducida de una tarjeta compatible con arduino UNO. Viene con headers macho, que puedes soldar tu mismo permiten una f\u00e1cil fijaci\u00f3n en una protoboard . El Nano es ideal para proyectos donde es necesario el&hellip; <\/p>\n","protected":false},"featured_media":1657,"comment_status":"open","ping_status":"closed","template":"","meta":{"om_disable_all_campaigns":false,"_monsterinsights_skip_tracking":false,"_monsterinsights_sitenote_active":false,"_monsterinsights_sitenote_note":"","_monsterinsights_sitenote_category":0},"product_cat":[211],"product_tag":[],"class_list":{"0":"post-1656","1":"product","2":"type-product","3":"status-publish","4":"has-post-thumbnail","6":"product_cat-placas-de-desarrollo","8":"first","9":"instock","10":"taxable","11":"shipping-taxable","12":"purchasable","13":"product-type-simple"},"aioseo_notices":[],"_links":{"self":[{"href":"https:\/\/techtronik.store\/index.php?rest_route=\/wp\/v3\/product\/1656","targetHints":{"allow":["GET"]}}],"collection":[{"href":"https:\/\/techtronik.store\/index.php?rest_route=\/wp\/v3\/product"}],"about":[{"href":"https:\/\/techtronik.store\/index.php?rest_route=\/wp\/v2\/types\/product"}],"replies":[{"embeddable":true,"href":"https:\/\/techtronik.store\/index.php?rest_route=%2Fwp%2Fv2%2Fcomments&post=1656"}],"wp:featuredmedia":[{"embeddable":true,"href":"https:\/\/techtronik.store\/index.php?rest_route=\/wp\/v2\/media\/1657"}],"wp:attachment":[{"href":"https:\/\/techtronik.store\/index.php?rest_route=%2Fwp%2Fv2%2Fmedia&parent=1656"}],"wp:term":[{"taxonomy":"product_cat","embeddable":true,"href":"https:\/\/techtronik.store\/index.php?rest_route=%2Fwp%2Fv2%2Fproduct_cat&post=1656"},{"taxonomy":"product_tag","embeddable":true,"href":"https:\/\/techtronik.store\/index.php?rest_route=%2Fwp%2Fv2%2Fproduct_tag&post=1656"}],"curies":[{"name":"wp","href":"https:\/\/api.w.org\/{rel}","templated":true}]}}