{"id":1619,"date":"2022-06-20T01:13:29","date_gmt":"2022-06-20T01:13:29","guid":{"rendered":"http:\/\/techtronik.store\/?post_type=product&#038;p=1619"},"modified":"2022-10-07T00:26:07","modified_gmt":"2022-10-07T00:26:07","slug":"led-rgb-camaleon-ultrabrillante","status":"publish","type":"product","link":"https:\/\/techtronik.store\/?product=led-rgb-camaleon-ultrabrillante","title":{"rendered":"LED RGB Camaleon Ultrabrillante"},"content":{"rendered":"<div align=\"justify\">\n<p>El LED RGB Camale\u00f3n o Flash te permitir\u00e1 generar una luz aleatoria muy intensa y de varios colores de forma f\u00e1cil y r\u00e1pida, es compatible con Arduino o con cualquier Microcontrolador que posea un pin de 5 Volts y lo podr\u00e1s usar en una gran cantidad de aplicaciones.<\/p>\n<p>El Led Flash de colores es \u00fatil para sistemas en donde se requiera alg\u00fan tipo de se\u00f1alizaci\u00f3n visual o decorativo, por ejemplo en maquinaria, juguetes, sistemas de control, por mencionar algunos.<\/p>\n<\/div>\n","protected":false},"excerpt":{"rendered":"<p>El LED RGB Camale\u00f3n o Flash te permitir\u00e1 generar una luz aleatoria muy intensa y de varios colores de forma f\u00e1cil y r\u00e1pida, es compatible con Arduino o con cualquier Microcontrolador que posea un pin de 5 Volts y lo podr\u00e1s usar en una gran cantidad de aplicaciones. El Led&hellip; <\/p>\n","protected":false},"featured_media":1625,"comment_status":"open","ping_status":"closed","template":"","meta":{"om_disable_all_campaigns":false,"_monsterinsights_skip_tracking":false,"_monsterinsights_sitenote_active":false,"_monsterinsights_sitenote_note":"","_monsterinsights_sitenote_category":0},"product_cat":[40,39],"product_tag":[],"class_list":{"0":"post-1619","1":"product","2":"type-product","3":"status-publish","4":"has-post-thumbnail","6":"product_cat-leds","7":"product_cat-optoelectronica","9":"first","10":"instock","11":"taxable","12":"shipping-taxable","13":"purchasable","14":"product-type-variable"},"aioseo_notices":[],"_links":{"self":[{"href":"https:\/\/techtronik.store\/index.php?rest_route=\/wp\/v3\/product\/1619","targetHints":{"allow":["GET"]}}],"collection":[{"href":"https:\/\/techtronik.store\/index.php?rest_route=\/wp\/v3\/product"}],"about":[{"href":"https:\/\/techtronik.store\/index.php?rest_route=\/wp\/v2\/types\/product"}],"replies":[{"embeddable":true,"href":"https:\/\/techtronik.store\/index.php?rest_route=%2Fwp%2Fv2%2Fcomments&post=1619"}],"wp:featuredmedia":[{"embeddable":true,"href":"https:\/\/techtronik.store\/index.php?rest_route=\/wp\/v2\/media\/1625"}],"wp:attachment":[{"href":"https:\/\/techtronik.store\/index.php?rest_route=%2Fwp%2Fv2%2Fmedia&parent=1619"}],"wp:term":[{"taxonomy":"product_cat","embeddable":true,"href":"https:\/\/techtronik.store\/index.php?rest_route=%2Fwp%2Fv2%2Fproduct_cat&post=1619"},{"taxonomy":"product_tag","embeddable":true,"href":"https:\/\/techtronik.store\/index.php?rest_route=%2Fwp%2Fv2%2Fproduct_tag&post=1619"}],"curies":[{"name":"wp","href":"https:\/\/api.w.org\/{rel}","templated":true}]}}