{"id":1478,"date":"2022-05-29T06:19:14","date_gmt":"2022-05-29T06:19:14","guid":{"rendered":"http:\/\/techtronik.store\/?post_type=product&#038;p=1478"},"modified":"2023-02-06T00:14:10","modified_gmt":"2023-02-06T00:14:10","slug":"conector-bateria-9v-arduino-y-fuente-protoboard","status":"publish","type":"product","link":"https:\/\/techtronik.store\/?product=conector-bateria-9v-arduino-y-fuente-protoboard","title":{"rendered":"Conector Bater\u00eda 9V Para Arduino y Fuente Protoboard"},"content":{"rendered":"<p>En el caso de Arduino se utiliza el puerto USB cuando se est\u00e1 desarrollando el programa, as\u00ed como en la protoboard se usa la fuente, pero para pruebas es m\u00e1s pr\u00e1ctico utilizar una bater\u00eda de 9v. Esta es una alternativa para aislar completamente un circuito que opera a alto voltaje o corriente.<\/p>\n<hr \/>\n<p><strong>ESPECIFICACIONES T\u00c9CNICAS.<\/strong><\/p>\n<ul>\n<li>Cable para bateria de 9V DC<\/li>\n<li>Compatible con: Arduino Uno, Mega, Leonardo y Due<\/li>\n<li>Longitud de cable: 13cm<\/li>\n<li>Conector Barrel DC de 5mm\/2.1mm<\/li>\n<li>El pin interior es el Positivo, el contacto exterior es el Negativo<\/li>\n<\/ul>\n","protected":false},"excerpt":{"rendered":"<p>En el caso de Arduino se utiliza el puerto USB cuando se est\u00e1 desarrollando el programa, as\u00ed como en la protoboard se usa la fuente, pero para pruebas es m\u00e1s pr\u00e1ctico utilizar una bater\u00eda de 9v. Esta es una alternativa para aislar completamente un circuito que opera a alto voltaje&hellip; <\/p>\n","protected":false},"featured_media":1480,"comment_status":"open","ping_status":"closed","template":"","meta":{"om_disable_all_campaigns":false,"_monsterinsights_skip_tracking":false,"_monsterinsights_sitenote_active":false,"_monsterinsights_sitenote_note":"","_monsterinsights_sitenote_category":0},"product_cat":[36,22,25],"product_tag":[],"class_list":{"0":"post-1478","1":"product","2":"type-product","3":"status-publish","4":"has-post-thumbnail","6":"product_cat-herramientas","7":"product_cat-conectores-e-interruptores","8":"product_cat-fuentes-y-reguladores","10":"first","11":"instock","12":"taxable","13":"shipping-taxable","14":"purchasable","15":"product-type-simple"},"aioseo_notices":[],"_links":{"self":[{"href":"https:\/\/techtronik.store\/index.php?rest_route=\/wp\/v3\/product\/1478","targetHints":{"allow":["GET"]}}],"collection":[{"href":"https:\/\/techtronik.store\/index.php?rest_route=\/wp\/v3\/product"}],"about":[{"href":"https:\/\/techtronik.store\/index.php?rest_route=\/wp\/v2\/types\/product"}],"replies":[{"embeddable":true,"href":"https:\/\/techtronik.store\/index.php?rest_route=%2Fwp%2Fv2%2Fcomments&post=1478"}],"wp:featuredmedia":[{"embeddable":true,"href":"https:\/\/techtronik.store\/index.php?rest_route=\/wp\/v2\/media\/1480"}],"wp:attachment":[{"href":"https:\/\/techtronik.store\/index.php?rest_route=%2Fwp%2Fv2%2Fmedia&parent=1478"}],"wp:term":[{"taxonomy":"product_cat","embeddable":true,"href":"https:\/\/techtronik.store\/index.php?rest_route=%2Fwp%2Fv2%2Fproduct_cat&post=1478"},{"taxonomy":"product_tag","embeddable":true,"href":"https:\/\/techtronik.store\/index.php?rest_route=%2Fwp%2Fv2%2Fproduct_tag&post=1478"}],"curies":[{"name":"wp","href":"https:\/\/api.w.org\/{rel}","templated":true}]}}