{"id":1441,"date":"2022-05-20T06:37:03","date_gmt":"2022-05-20T06:37:03","guid":{"rendered":"http:\/\/techtronik.store\/?post_type=product&#038;p=1441"},"modified":"2022-09-26T01:57:08","modified_gmt":"2022-09-26T01:57:08","slug":"termistor-mf52-103","status":"publish","type":"product","link":"https:\/\/techtronik.store\/?product=termistor-mf52-103","title":{"rendered":"Termistor NTC MF52-103"},"content":{"rendered":"<p>Un termistor es un dispositivo cuya resistencia varia al variar la temperatura. Podemos emplear esta variaci\u00f3n de la resistencia para realizar una medici\u00f3n de la temperatura ambiente.<\/p>\n<p>Un termistor est\u00e1 formado por un semiconductor como \u00f3xido f\u00e9rrico, el \u00f3xido de n\u00edquel, o el \u00f3xido de cobalto. Al aumentar la temperatura, varia la concentraci\u00f3n de portadores, por lo que var\u00eda la resistencia del dispositivo. Al usar un termistor en un circuito en el que la potencia disipada dentro del dispositivo no es suficiente para causar el \u201cautocalientamiento\u201d la temperatura corporal del termistor seguir\u00e1 la del ambiente, no son \u201cautocalentables\u201d para uso en aplicaciones de medici\u00f3n de temperatura, control de temperatura o compensaci\u00f3n de temperatura.<\/p>\n<p>Existen dos tipos de termistores. siendo los m\u00e1s habituales.<\/p>\n<p>* NTC, tienen una resistencia inferior al aumentar la temperatura<\/p>\n<p>* PTC, tienen una resistencia superior al aumentar la temperatura (tambi\u00e9n llamado posistor)<\/p>\n<p>Los termistores son dispositivos baratos, peque\u00f1os, duraderos, con un rango de medici\u00f3n relativamente amplio, considerablemente precisos y r\u00e1pidos, y poco susceptibles al ruido. Esto hace que sean ampliamente empleados en la medici\u00f3n de temperatura en climatizaci\u00f3n, almacenamiento de l\u00edquidos, y automoci\u00f3n.<\/p>\n<hr \/>\n<p><strong>ESPECIFICACIONES T\u00c9CNICAS<\/strong><\/p>\n<ul>\n<li>Modelo:\u00a0MF52AT<\/li>\n<li>Rango de temperatura -40\u00b0Ca 120\u00b0C<\/li>\n<li>Potencia Nominal 0.5 Watts<\/li>\n<li>Constante de disipaci\u00f3n t\u00e9rmica 2.5 (mW\/\u00b0C)<\/li>\n<li>Enfriamiento t\u00e9rmico10 segundos<\/li>\n<\/ul>\n","protected":false},"excerpt":{"rendered":"<p>Un termistor es un dispositivo cuya resistencia varia al variar la temperatura. Podemos emplear esta variaci\u00f3n de la resistencia para realizar una medici\u00f3n de la temperatura ambiente. Un termistor est\u00e1 formado por un semiconductor como \u00f3xido f\u00e9rrico, el \u00f3xido de n\u00edquel, o el \u00f3xido de cobalto. Al aumentar la temperatura,&hellip; <\/p>\n","protected":false},"featured_media":1446,"comment_status":"open","ping_status":"closed","template":"","meta":{"om_disable_all_campaigns":false,"_monsterinsights_skip_tracking":false,"_monsterinsights_sitenote_active":false,"_monsterinsights_sitenote_note":"","_monsterinsights_sitenote_category":0},"product_cat":[42,45,53,55],"product_tag":[],"class_list":{"0":"post-1441","1":"product","2":"type-product","3":"status-publish","4":"has-post-thumbnail","6":"product_cat-pasivos","7":"product_cat-resistencias","8":"product_cat-sensores","9":"product_cat-temperatura","11":"first","12":"instock","13":"taxable","14":"shipping-taxable","15":"purchasable","16":"product-type-simple"},"aioseo_notices":[],"_links":{"self":[{"href":"https:\/\/techtronik.store\/index.php?rest_route=\/wp\/v3\/product\/1441","targetHints":{"allow":["GET"]}}],"collection":[{"href":"https:\/\/techtronik.store\/index.php?rest_route=\/wp\/v3\/product"}],"about":[{"href":"https:\/\/techtronik.store\/index.php?rest_route=\/wp\/v2\/types\/product"}],"replies":[{"embeddable":true,"href":"https:\/\/techtronik.store\/index.php?rest_route=%2Fwp%2Fv2%2Fcomments&post=1441"}],"wp:featuredmedia":[{"embeddable":true,"href":"https:\/\/techtronik.store\/index.php?rest_route=\/wp\/v2\/media\/1446"}],"wp:attachment":[{"href":"https:\/\/techtronik.store\/index.php?rest_route=%2Fwp%2Fv2%2Fmedia&parent=1441"}],"wp:term":[{"taxonomy":"product_cat","embeddable":true,"href":"https:\/\/techtronik.store\/index.php?rest_route=%2Fwp%2Fv2%2Fproduct_cat&post=1441"},{"taxonomy":"product_tag","embeddable":true,"href":"https:\/\/techtronik.store\/index.php?rest_route=%2Fwp%2Fv2%2Fproduct_tag&post=1441"}],"curies":[{"name":"wp","href":"https:\/\/api.w.org\/{rel}","templated":true}]}}