{"id":1373,"date":"2022-05-17T02:51:49","date_gmt":"2022-05-17T02:51:49","guid":{"rendered":"http:\/\/techtronik.store\/?post_type=product&#038;p=1373"},"modified":"2022-09-28T02:47:56","modified_gmt":"2022-09-28T02:47:56","slug":"modulo-tp4056-cargador-con-proteccion-usb-c","status":"publish","type":"product","link":"https:\/\/techtronik.store\/?product=modulo-tp4056-cargador-con-proteccion-usb-c","title":{"rendered":"Modulo TP4056 Cargador Con Proteccion USB C"},"content":{"rendered":"<div align=\"justify\">\n<div align=\"justify\">\n<p>TP4056 Cargador de Bater\u00edas es un peque\u00f1o modulo para cargar bater\u00edas de Litio o LiPo de una celda 1S, con protecci\u00f3n dual. El m\u00f3dulo est\u00e1 integrado de los siguientes componentes: circuito integrado TP4056, chip de protecci\u00f3n DW01, MOSFET 8205, puerto micro-USB, as\u00ed como indicadores led para mostrar cuando el modulo esta en proceso de carga y cuando la carga este completada.<\/p>\n<p><strong>\u00bfPara que sirve el TP4056?<\/strong><\/p>\n<p>Sirve para cargar bater\u00edas de una celda (1S) ya sea de Litio o LiPo, su corriente de carga es de hasta un 1A, con voltaje de carga de 4.2V. Es utilizado para crear tu propio cargador de bater\u00edas, ideal para diferentes proyectos de electr\u00f3nica que necesiten un sistema de cargar con voltaje de salida.<\/p>\n<hr \/>\n<h3><strong>ESPECIFICACIONES Y CARACTER\u00cdSTICAS\u00a0<\/strong><\/h3>\n<\/div>\n<ul>\n<li>Tipo: Cargador de Bater\u00edas Litio \/ LiPo con Protecci\u00f3n Dual<\/li>\n<li>Voltaje de entrada VIN (MicroUSB): 5V DC<\/li>\n<li>Voltaje de entrada M\u00e1x. en terminales VIN (+ y -): 8V<\/li>\n<li>Corriente de carga ajustable: 1 A<\/li>\n<li>Voltaje de carga: 4.2 VDC<\/li>\n<li>Precisi\u00f3n de carga: 1.5 %<\/li>\n<li>Corriente de protecci\u00f3n contra sobre corriente: 3 A<\/li>\n<li>Voltaje de umbral de carga lenta: 2.9 V<\/li>\n<li>Voltaje de Hist\u00e9resis de carga lenta: 80 mV<\/li>\n<li>Led indicador: Rojo (Cargando) y Verde (Carga completa)<\/li>\n<li>Conector: Micro USB<\/li>\n<li>Temperatura de funcionamiento: -40 \u2103 a\u00a0 +85 \u2103<\/li>\n<li>Polaridad inversa: NO<\/li>\n<li>Tama\u00f1o:\u00a0 25 x 19 x 10 mm<\/li>\n<li>M\u00f3dulo de carga lineal<\/li>\n<li>Peso: 2 g<\/li>\n<\/ul>\n<\/div>\n","protected":false},"excerpt":{"rendered":"<p>TP4056 Cargador de Bater\u00edas es un peque\u00f1o modulo para cargar bater\u00edas de Litio o LiPo de una celda 1S, con protecci\u00f3n dual. El m\u00f3dulo est\u00e1 integrado de los siguientes componentes: circuito integrado TP4056, chip de protecci\u00f3n DW01, MOSFET 8205, puerto micro-USB, as\u00ed como indicadores led para mostrar cuando el modulo&hellip; <\/p>\n","protected":false},"featured_media":1777,"comment_status":"open","ping_status":"closed","template":"","meta":{"om_disable_all_campaigns":false,"_monsterinsights_skip_tracking":false,"_monsterinsights_sitenote_active":false,"_monsterinsights_sitenote_note":"","_monsterinsights_sitenote_category":0},"product_cat":[32,37,25],"product_tag":[],"class_list":{"0":"post-1373","1":"product","2":"type-product","3":"status-publish","4":"has-post-thumbnail","6":"product_cat-baterias","7":"product_cat-modulos","8":"product_cat-fuentes-y-reguladores","10":"first","11":"instock","12":"taxable","13":"shipping-taxable","14":"purchasable","15":"product-type-simple"},"aioseo_notices":[],"_links":{"self":[{"href":"https:\/\/techtronik.store\/index.php?rest_route=\/wp\/v3\/product\/1373","targetHints":{"allow":["GET"]}}],"collection":[{"href":"https:\/\/techtronik.store\/index.php?rest_route=\/wp\/v3\/product"}],"about":[{"href":"https:\/\/techtronik.store\/index.php?rest_route=\/wp\/v2\/types\/product"}],"replies":[{"embeddable":true,"href":"https:\/\/techtronik.store\/index.php?rest_route=%2Fwp%2Fv2%2Fcomments&post=1373"}],"wp:featuredmedia":[{"embeddable":true,"href":"https:\/\/techtronik.store\/index.php?rest_route=\/wp\/v2\/media\/1777"}],"wp:attachment":[{"href":"https:\/\/techtronik.store\/index.php?rest_route=%2Fwp%2Fv2%2Fmedia&parent=1373"}],"wp:term":[{"taxonomy":"product_cat","embeddable":true,"href":"https:\/\/techtronik.store\/index.php?rest_route=%2Fwp%2Fv2%2Fproduct_cat&post=1373"},{"taxonomy":"product_tag","embeddable":true,"href":"https:\/\/techtronik.store\/index.php?rest_route=%2Fwp%2Fv2%2Fproduct_tag&post=1373"}],"curies":[{"name":"wp","href":"https:\/\/api.w.org\/{rel}","templated":true}]}}