{"id":1362,"date":"2022-05-16T22:46:12","date_gmt":"2022-05-16T22:46:12","guid":{"rendered":"http:\/\/techtronik.store\/?post_type=product&#038;p=1362"},"modified":"2022-09-10T19:11:23","modified_gmt":"2022-09-10T19:11:23","slug":"holder-porta-pilas-2-pilas-aa","status":"publish","type":"product","link":"https:\/\/techtronik.store\/?product=holder-porta-pilas-2-pilas-aa","title":{"rendered":"Holder Porta Pilas 2 Pilas AA"},"content":{"rendered":"<p>Porta Pilas Para 2 Pilas AA. Aloja de forma horizontal (en serie) bater\u00edas de tipo \u201cAA\u201d. Ideal como refacci\u00f3n o para tus proyectos de electr\u00f3nica, se usa principalmente en tablillas de conexi\u00f3n (Protoboard) o para alimentar cualquier prototipo de circuitos electr\u00f3nicos.<\/p>\n<hr \/>\n<p><strong>ESPECIFICACIONES T\u00c9CNICAS<\/strong><\/p>\n<ul>\n<li>Fabricado con pl\u00e1stico resistente al impacto.<\/li>\n<li>Numero de pilas:2<\/li>\n<\/ul>\n","protected":false},"excerpt":{"rendered":"<p>Porta Pilas Para 2 Pilas AA. Aloja de forma horizontal (en serie) bater\u00edas de tipo \u201cAA\u201d. Ideal como refacci\u00f3n o para tus proyectos de electr\u00f3nica, se usa principalmente en tablillas de conexi\u00f3n (Protoboard) o para alimentar cualquier prototipo de circuitos electr\u00f3nicos. ESPECIFICACIONES T\u00c9CNICAS Fabricado con pl\u00e1stico resistente al impacto. Numero&hellip; <\/p>\n","protected":false},"featured_media":1363,"comment_status":"open","ping_status":"closed","template":"","meta":{"om_disable_all_campaigns":false,"_monsterinsights_skip_tracking":false,"_monsterinsights_sitenote_active":false,"_monsterinsights_sitenote_note":"","_monsterinsights_sitenote_category":0},"product_cat":[32,36,25],"product_tag":[],"class_list":{"0":"post-1362","1":"product","2":"type-product","3":"status-publish","4":"has-post-thumbnail","6":"product_cat-baterias","7":"product_cat-herramientas","8":"product_cat-fuentes-y-reguladores","10":"first","11":"instock","12":"taxable","13":"shipping-taxable","14":"purchasable","15":"product-type-simple"},"aioseo_notices":[],"_links":{"self":[{"href":"https:\/\/techtronik.store\/index.php?rest_route=\/wp\/v3\/product\/1362","targetHints":{"allow":["GET"]}}],"collection":[{"href":"https:\/\/techtronik.store\/index.php?rest_route=\/wp\/v3\/product"}],"about":[{"href":"https:\/\/techtronik.store\/index.php?rest_route=\/wp\/v2\/types\/product"}],"replies":[{"embeddable":true,"href":"https:\/\/techtronik.store\/index.php?rest_route=%2Fwp%2Fv2%2Fcomments&post=1362"}],"wp:featuredmedia":[{"embeddable":true,"href":"https:\/\/techtronik.store\/index.php?rest_route=\/wp\/v2\/media\/1363"}],"wp:attachment":[{"href":"https:\/\/techtronik.store\/index.php?rest_route=%2Fwp%2Fv2%2Fmedia&parent=1362"}],"wp:term":[{"taxonomy":"product_cat","embeddable":true,"href":"https:\/\/techtronik.store\/index.php?rest_route=%2Fwp%2Fv2%2Fproduct_cat&post=1362"},{"taxonomy":"product_tag","embeddable":true,"href":"https:\/\/techtronik.store\/index.php?rest_route=%2Fwp%2Fv2%2Fproduct_tag&post=1362"}],"curies":[{"name":"wp","href":"https:\/\/api.w.org\/{rel}","templated":true}]}}