{"id":1352,"date":"2022-05-15T03:21:33","date_gmt":"2022-05-15T03:21:33","guid":{"rendered":"http:\/\/techtronik.store\/?post_type=product&#038;p=1352"},"modified":"2023-05-10T22:06:48","modified_gmt":"2023-05-10T22:06:48","slug":"adaptador-programador-avr-isp-10-a-6-pins","status":"publish","type":"product","link":"https:\/\/techtronik.store\/?product=adaptador-programador-avr-isp-10-a-6-pins","title":{"rendered":"Adaptador Programador AVR ISP 10 a 6 pins"},"content":{"rendered":"<p>Es un programador para los microcontroladores de la familia Atmel, AVR 51, ATMega, ATtiny, ATMEGA8 ATMEGA128 y muchos m\u00e1s. Trabaja a trav\u00e9s del puerto USB, con el procesador ATMEGA 8. Este programador es compacto, portable y sencillo de usar, para diferentes proyectos de electr\u00f3nica, rob\u00f3tica o escolares.<\/p>\n<hr \/>\n<h3><strong>ESPECIFICACIONES Y CARACTER\u00cdSTICAS<\/strong><\/h3>\n<ul>\n<li>Soporta AVRDude desde la versi\u00f3n 5.2.<\/li>\n<li>Permite leer o escribir en el microcontrolador: EEPROM, firmware, fuse bits y bits de bloqueo.<\/li>\n<li>Soporte para Linux, Mac OS X y Windows (funciona en Vista \/ Windows 7 \/ Windows 7 64 Bits)<\/li>\n<li>Velocidad m\u00e1xima de escritura de 5 KB\/seg.<\/li>\n<li>Opci\u00f3n por software SCK para programar micros con velocidades de reloj bajas (&lt; 1.5MHz)<\/li>\n<li>Indicador led de alimentaci\u00f3n y transmisi\u00f3n.<\/li>\n<li>Protecci\u00f3n contra corto.<\/li>\n<li>Interfaz ISP de 10 pines.<\/li>\n<li>Soporta componentes de 5V y 3.3V<\/li>\n<li>Peso: 23 g<\/li>\n<\/ul>\n","protected":false},"excerpt":{"rendered":"<p>Es un programador para los microcontroladores de la familia Atmel, AVR 51, ATMega, ATtiny, ATMEGA8 ATMEGA128 y muchos m\u00e1s. Trabaja a trav\u00e9s del puerto USB, con el procesador ATMEGA 8. Este programador es compacto, portable y sencillo de usar, para diferentes proyectos de electr\u00f3nica, rob\u00f3tica o escolares. ESPECIFICACIONES Y CARACTER\u00cdSTICAS&hellip; <\/p>\n","protected":false},"featured_media":1355,"comment_status":"open","ping_status":"closed","template":"","meta":{"om_disable_all_campaigns":false,"_monsterinsights_skip_tracking":false,"_monsterinsights_sitenote_active":false,"_monsterinsights_sitenote_note":"","_monsterinsights_sitenote_category":0},"product_cat":[37,211],"product_tag":[],"class_list":{"0":"post-1352","1":"product","2":"type-product","3":"status-publish","4":"has-post-thumbnail","6":"product_cat-modulos","7":"product_cat-placas-de-desarrollo","9":"first","10":"instock","11":"taxable","12":"shipping-taxable","13":"purchasable","14":"product-type-simple"},"aioseo_notices":[],"_links":{"self":[{"href":"https:\/\/techtronik.store\/index.php?rest_route=\/wp\/v3\/product\/1352","targetHints":{"allow":["GET"]}}],"collection":[{"href":"https:\/\/techtronik.store\/index.php?rest_route=\/wp\/v3\/product"}],"about":[{"href":"https:\/\/techtronik.store\/index.php?rest_route=\/wp\/v2\/types\/product"}],"replies":[{"embeddable":true,"href":"https:\/\/techtronik.store\/index.php?rest_route=%2Fwp%2Fv2%2Fcomments&post=1352"}],"wp:featuredmedia":[{"embeddable":true,"href":"https:\/\/techtronik.store\/index.php?rest_route=\/wp\/v2\/media\/1355"}],"wp:attachment":[{"href":"https:\/\/techtronik.store\/index.php?rest_route=%2Fwp%2Fv2%2Fmedia&parent=1352"}],"wp:term":[{"taxonomy":"product_cat","embeddable":true,"href":"https:\/\/techtronik.store\/index.php?rest_route=%2Fwp%2Fv2%2Fproduct_cat&post=1352"},{"taxonomy":"product_tag","embeddable":true,"href":"https:\/\/techtronik.store\/index.php?rest_route=%2Fwp%2Fv2%2Fproduct_tag&post=1352"}],"curies":[{"name":"wp","href":"https:\/\/api.w.org\/{rel}","templated":true}]}}