{"id":1316,"date":"2022-05-13T13:16:20","date_gmt":"2022-05-13T13:16:20","guid":{"rendered":"http:\/\/techtronik.store\/?post_type=product&#038;p=1316"},"modified":"2023-08-08T03:51:50","modified_gmt":"2023-08-08T03:51:50","slug":"ams1117-3v3","status":"publish","type":"product","link":"https:\/\/techtronik.store\/?product=ams1117-3v3","title":{"rendered":"AMS1117 3V3"},"content":{"rendered":"<p>\u00bfQu\u00e9 es?<br \/>\nEl AMS1117 es una serie de baja tensi\u00f3n de ca\u00edda reguladores que pueden proporcionar hasta 1 A de salida actual el AMS1117 est\u00e1 disponible en seis unidades fijas. Voltaje, 1.2, 1.8, 2.5, 3.3 y 5.0V.<\/p>\n<p>\u00bfC\u00f3mo Funciona?<br \/>\nCuenta con una versi\u00f3n ajustable en chip el ajuste de precisi\u00f3n ajusta la referencia \/ salida voltaje dentro de \u00b1 2%.<br \/>\nLimitaci\u00f3n t\u00e9rmica en chip proporciona protecci\u00f3n contra cualquier combinaci\u00f3n de sobrecarga y temperatura ambiente que crear temperaturas de uni\u00f3n excesivas la serie AMS1117 est\u00e1 disponible en SOT-223, TO-252, paquetes SOT89.<\/p>\n","protected":false},"excerpt":{"rendered":"<p>\u00bfQu\u00e9 es? El AMS1117 es una serie de baja tensi\u00f3n de ca\u00edda reguladores que pueden proporcionar hasta 1 A de salida actual el AMS1117 est\u00e1 disponible en seis unidades fijas. Voltaje, 1.2, 1.8, 2.5, 3.3 y 5.0V. \u00bfC\u00f3mo Funciona? Cuenta con una versi\u00f3n ajustable en chip el ajuste de precisi\u00f3n&hellip; <\/p>\n","protected":false},"featured_media":1318,"comment_status":"open","ping_status":"closed","template":"","meta":{"om_disable_all_campaigns":false,"_monsterinsights_skip_tracking":false,"_monsterinsights_sitenote_active":false,"_monsterinsights_sitenote_note":"","_monsterinsights_sitenote_category":0},"product_cat":[339,341,328],"product_tag":[],"class_list":{"0":"post-1316","1":"product","2":"type-product","3":"status-publish","4":"has-post-thumbnail","6":"product_cat-fuentes-y-reguladores-smd","7":"product_cat-reguladores-lineales-fuentes-y-reguladores-smd","8":"product_cat-smd","10":"first","11":"instock","12":"taxable","13":"shipping-taxable","14":"purchasable","15":"product-type-simple"},"aioseo_notices":[],"_links":{"self":[{"href":"https:\/\/techtronik.store\/index.php?rest_route=\/wp\/v3\/product\/1316","targetHints":{"allow":["GET"]}}],"collection":[{"href":"https:\/\/techtronik.store\/index.php?rest_route=\/wp\/v3\/product"}],"about":[{"href":"https:\/\/techtronik.store\/index.php?rest_route=\/wp\/v2\/types\/product"}],"replies":[{"embeddable":true,"href":"https:\/\/techtronik.store\/index.php?rest_route=%2Fwp%2Fv2%2Fcomments&post=1316"}],"wp:featuredmedia":[{"embeddable":true,"href":"https:\/\/techtronik.store\/index.php?rest_route=\/wp\/v2\/media\/1318"}],"wp:attachment":[{"href":"https:\/\/techtronik.store\/index.php?rest_route=%2Fwp%2Fv2%2Fmedia&parent=1316"}],"wp:term":[{"taxonomy":"product_cat","embeddable":true,"href":"https:\/\/techtronik.store\/index.php?rest_route=%2Fwp%2Fv2%2Fproduct_cat&post=1316"},{"taxonomy":"product_tag","embeddable":true,"href":"https:\/\/techtronik.store\/index.php?rest_route=%2Fwp%2Fv2%2Fproduct_tag&post=1316"}],"curies":[{"name":"wp","href":"https:\/\/api.w.org\/{rel}","templated":true}]}}