{"id":1314,"date":"2022-05-13T13:01:41","date_gmt":"2022-05-13T13:01:41","guid":{"rendered":"http:\/\/techtronik.store\/?post_type=product&#038;p=1314"},"modified":"2023-04-26T02:50:11","modified_gmt":"2023-04-26T02:50:11","slug":"led-rgb-5mm-anodo-ultrabrillante","status":"publish","type":"product","link":"https:\/\/techtronik.store\/?product=led-rgb-5mm-anodo-ultrabrillante","title":{"rendered":"LED RGB 5mm Ultrabrillante"},"content":{"rendered":"<p>Led RGB tricolor disponible en c\u00e1todo y \u00e1nodo com\u00fan, estos leds se venden por separado, de acuerdo a los requerimientos de tu proyecto o reparaci\u00f3n podr\u00e1s elegir el que m\u00e1s se ajuste a tus necesidades. Estos leds permiten emitir diferentes tonos de color partir de la combinaci\u00f3n de tres colores que son (Rojo, Verde y Amarillo). Son utilizados en diversos proyectos electr\u00f3nicos por ejemplo en iluminaci\u00f3n, sistemas de representaci\u00f3n visual y control de iluminaci\u00f3n entre otras aplicaciones.<\/p>\n<div align=\"justify\">\n<p>Led RGB son componentes el\u00e9ctricos semiconductores (diodos) que son capaces de emitir luz al ser atravesados por una corriente peque\u00f1a. Las siglas \u201cLED\u201d provienen del ingl\u00e9s \u201cLight Emitting Diode\u201d, que traducido al espa\u00f1ol es \u201cDiodo Emisor de Luz\u201d. El RGB \u00a0(Red, Green, Blue) es la combinaci\u00f3n de estos tres colores para formar m\u00e1s de 16 millones de tonos de luz.<\/p>\n<p>Para tener diferentes tipos de color es necesario utilizar PWM ya sea de un MCU o una tarjeta de desarrollo como por ejemplo Arduino Uno.<\/p>\n<\/div>\n","protected":false},"excerpt":{"rendered":"<p>Led RGB tricolor disponible en c\u00e1todo y \u00e1nodo com\u00fan, estos leds se venden por separado, de acuerdo a los requerimientos de tu proyecto o reparaci\u00f3n podr\u00e1s elegir el que m\u00e1s se ajuste a tus necesidades. Estos leds permiten emitir diferentes tonos de color partir de la combinaci\u00f3n de tres colores&hellip; <\/p>\n","protected":false},"featured_media":1315,"comment_status":"open","ping_status":"closed","template":"","meta":{"om_disable_all_campaigns":false,"_monsterinsights_skip_tracking":false,"_monsterinsights_sitenote_active":false,"_monsterinsights_sitenote_note":"","_monsterinsights_sitenote_category":0},"product_cat":[40,39],"product_tag":[],"class_list":{"0":"post-1314","1":"product","2":"type-product","3":"status-publish","4":"has-post-thumbnail","6":"product_cat-leds","7":"product_cat-optoelectronica","9":"first","10":"instock","11":"taxable","12":"shipping-taxable","13":"purchasable","14":"product-type-variable"},"aioseo_notices":[],"_links":{"self":[{"href":"https:\/\/techtronik.store\/index.php?rest_route=\/wp\/v3\/product\/1314","targetHints":{"allow":["GET"]}}],"collection":[{"href":"https:\/\/techtronik.store\/index.php?rest_route=\/wp\/v3\/product"}],"about":[{"href":"https:\/\/techtronik.store\/index.php?rest_route=\/wp\/v2\/types\/product"}],"replies":[{"embeddable":true,"href":"https:\/\/techtronik.store\/index.php?rest_route=%2Fwp%2Fv2%2Fcomments&post=1314"}],"wp:featuredmedia":[{"embeddable":true,"href":"https:\/\/techtronik.store\/index.php?rest_route=\/wp\/v2\/media\/1315"}],"wp:attachment":[{"href":"https:\/\/techtronik.store\/index.php?rest_route=%2Fwp%2Fv2%2Fmedia&parent=1314"}],"wp:term":[{"taxonomy":"product_cat","embeddable":true,"href":"https:\/\/techtronik.store\/index.php?rest_route=%2Fwp%2Fv2%2Fproduct_cat&post=1314"},{"taxonomy":"product_tag","embeddable":true,"href":"https:\/\/techtronik.store\/index.php?rest_route=%2Fwp%2Fv2%2Fproduct_tag&post=1314"}],"curies":[{"name":"wp","href":"https:\/\/api.w.org\/{rel}","templated":true}]}}