{"id":1225,"date":"2022-05-08T18:48:09","date_gmt":"2022-05-08T18:48:09","guid":{"rendered":"http:\/\/techtronik.store\/?post_type=product&#038;p=1225"},"modified":"2023-09-15T22:21:19","modified_gmt":"2023-09-15T22:21:19","slug":"esp32-wifi-bluetooth","status":"publish","type":"product","link":"https:\/\/techtronik.store\/?product=esp32-wifi-bluetooth","title":{"rendered":"ESP32 WiFi Bluetooth"},"content":{"rendered":"<p><strong>***TODAS LAS PLACAS ESP32 QUE MANEJAMOS NO TRAEN EL CH340 EL CUAL NECESITA DRIVERS***<\/strong><\/p>\n<p>ESP32 es una placa de desarrollo que integra el microcontrolador ESP32-WROOM-32 SMD de Espressif. Esta placa permite controlar todo tipo de sensores, m\u00f3dulos y actuadores mediante WIFI y BLUETOOTH, para proyectos de Internet de las cosas \u201cIoT\u201d de forma eficiente y econ\u00f3mica. Cuenta con micro USB de tipo B para ser alimentado y para programar el ESP32 he igual integra el controlador USB a UART CP2102.<\/p>\n<p>El m\u00f3dulo posee un regulador de voltaje que permite ingresar 5V por el puerto USB, de igual manera puedes alimentarlo con 3.3v en los pines de 3.3v y gnd, \u201cDebes de tener cuidado ya que si ingresas el voltaje de 5V en el pin de 3.3V del ESP32 lo podr\u00e1s da\u00f1ar\u201d. De igual manera cuenta con el chip CP2102 el cual se encarga de la comunicaci\u00f3n USB-Serial.<\/p>\n<p>Puede ser programado con gran variedad de software\u00b4s, lenguajes de programaci\u00f3n, frameworks, librer\u00edas, c\u00f3digo\/ejemplos y otros recursos. Los m\u00e1s comunes a elegir son: Esp-idf (Espressif IoT Development Framework) desarrollado por el fabricante del chip, Arduino IDE (en lenguaje C++), Simba Embedded Programming Platform (en lenguaje Python), RTOS\u2019s (como Zephyr Project, Mongoose OS, NuttX RTOS), MicroPython, LUA, Javascript (Espruino, Duktape, Mongoose JS), Basic.<\/p>\n<p>El ESP32 38 Pines est\u00e1 dise\u00f1ado especialmente para trabajar con un protoboard y con ayuda de cables Dupont conectar de manera r\u00e1pida todo tipo de sensores.<\/p>\n","protected":false},"excerpt":{"rendered":"<p>***TODAS LAS PLACAS ESP32 QUE MANEJAMOS NO TRAEN EL CH340 EL CUAL NECESITA DRIVERS*** ESP32 es una placa de desarrollo que integra el microcontrolador ESP32-WROOM-32 SMD de Espressif. Esta placa permite controlar todo tipo de sensores, m\u00f3dulos y actuadores mediante WIFI y BLUETOOTH, para proyectos de Internet de las cosas&hellip; <\/p>\n","protected":false},"featured_media":1227,"comment_status":"open","ping_status":"closed","template":"","meta":{"om_disable_all_campaigns":false,"_monsterinsights_skip_tracking":false,"_monsterinsights_sitenote_active":false,"_monsterinsights_sitenote_note":"","_monsterinsights_sitenote_category":0},"product_cat":[74,37,211,73],"product_tag":[],"class_list":{"0":"post-1225","1":"product","2":"type-product","3":"status-publish","4":"has-post-thumbnail","6":"product_cat-iot","7":"product_cat-modulos","8":"product_cat-placas-de-desarrollo","9":"product_cat-wireless","11":"first","12":"instock","13":"taxable","14":"shipping-taxable","15":"purchasable","16":"product-type-variable"},"aioseo_notices":[],"_links":{"self":[{"href":"https:\/\/techtronik.store\/index.php?rest_route=\/wp\/v3\/product\/1225","targetHints":{"allow":["GET"]}}],"collection":[{"href":"https:\/\/techtronik.store\/index.php?rest_route=\/wp\/v3\/product"}],"about":[{"href":"https:\/\/techtronik.store\/index.php?rest_route=\/wp\/v2\/types\/product"}],"replies":[{"embeddable":true,"href":"https:\/\/techtronik.store\/index.php?rest_route=%2Fwp%2Fv2%2Fcomments&post=1225"}],"wp:featuredmedia":[{"embeddable":true,"href":"https:\/\/techtronik.store\/index.php?rest_route=\/wp\/v2\/media\/1227"}],"wp:attachment":[{"href":"https:\/\/techtronik.store\/index.php?rest_route=%2Fwp%2Fv2%2Fmedia&parent=1225"}],"wp:term":[{"taxonomy":"product_cat","embeddable":true,"href":"https:\/\/techtronik.store\/index.php?rest_route=%2Fwp%2Fv2%2Fproduct_cat&post=1225"},{"taxonomy":"product_tag","embeddable":true,"href":"https:\/\/techtronik.store\/index.php?rest_route=%2Fwp%2Fv2%2Fproduct_tag&post=1225"}],"curies":[{"name":"wp","href":"https:\/\/api.w.org\/{rel}","templated":true}]}}